{"id":4190,"date":"2016-06-02T14:30:01","date_gmt":"2016-06-02T17:30:01","guid":{"rendered":"http:\/\/homolog.saopaulo.sp.leg.br\/escoladoparlamento\/?page_id=4190"},"modified":"2016-06-29T15:21:35","modified_gmt":"2016-06-29T18:21:35","slug":"pesquisas","status":"publish","type":"page","link":"https:\/\/homolog.saopaulo.sp.leg.br\/escoladoparlamento\/publicacoes\/pesquisas\/","title":{"rendered":"Pesquisas"},"content":{"rendered":"<p><a href=\"http:\/\/homolog.saopaulo.sp.leg.br\/escoladoparlamento\/wp-content\/uploads\/sites\/5\/2016\/06\/S\u00e3o-Paulo-2030-mobilidade.pdf\">S\u00e3o Paulo 2030 I &#8211; Mobilidade<\/a><\/p>\n<p><a href=\"http:\/\/homolog.saopaulo.sp.leg.br\/escoladoparlamento\/wp-content\/uploads\/sites\/5\/2016\/06\/S\u00e3o-Paulo-2030-conhecimento-e-inova\u00e7\u00e3o.pdf\">S\u00e3o Paulo 2030 II\u00a0&#8211; Conhecimento e Inova\u00e7\u00e3o<\/a><\/p>\n<p><a href=\"http:\/\/homolog.saopaulo.sp.leg.br\/escoladoparlamento\/wp-content\/uploads\/sites\/5\/2016\/06\/SP_2030_pesquisa.pdf\">S\u00e3o Paulo 2030 III &#8211; Desigualdade<\/a><\/p>\n<p><a href=\"http:\/\/homolog.saopaulo.sp.leg.br\/escoladoparlamento\/wp-content\/uploads\/sites\/5\/2016\/06\/S\u00e3o-Paulo-2030-sustentabilidade.pdf\">S\u00e3o Paulo 2030 IV &#8211; Sustentabilidade<\/a><\/p>\n<p><a href=\"http:\/\/homolog.saopaulo.sp.leg.br\/escoladoparlamento\/wp-content\/uploads\/sites\/5\/2016\/06\/S\u00e3o-Paulo-2030-V-Governan\u00e7a.pdf\">S\u00e3o Paulo 2030 V &#8211; Governan\u00e7a<\/a><\/p>\n<p><a href=\"http:\/\/homolog.saopaulo.sp.leg.br\/escoladoparlamento\/cursos\/cursos-anteriores\/cursos-realizados-em-2016\/ciclo-de-debates-sp-2030-2o-encontro-inovacao\/\">P\u00e1gina do Ciclo de Debates SP 2030<\/a><\/p>\n","protected":false},"excerpt":{"rendered":"<p>S\u00e3o Paulo 2030 I &#8211; Mobilidade S\u00e3o Paulo 2030 II\u00a0&#8211; Conhecimento e Inova\u00e7\u00e3o S\u00e3o Paulo 2030 III &#8211; Desigualdade S\u00e3o Paulo 2030 IV &#8211; Sustentabilidade S\u00e3o Paulo 2030 V &#8211; Governan\u00e7a P\u00e1gina do Ciclo de Debates SP 2030<\/p>\n","protected":false},"author":127,"featured_media":0,"parent":43,"menu_order":536,"comment_status":"closed","ping_status":"closed","template":"","meta":{"_acf_changed":false,"footnotes":""},"class_list":["post-4190","page","type-page","status-publish","hentry"],"acf":[],"_links":{"self":[{"href":"https:\/\/homolog.saopaulo.sp.leg.br\/escoladoparlamento\/wp-json\/wp\/v2\/pages\/4190","targetHints":{"allow":["GET"]}}],"collection":[{"href":"https:\/\/homolog.saopaulo.sp.leg.br\/escoladoparlamento\/wp-json\/wp\/v2\/pages"}],"about":[{"href":"https:\/\/homolog.saopaulo.sp.leg.br\/escoladoparlamento\/wp-json\/wp\/v2\/types\/page"}],"author":[{"embeddable":true,"href":"https:\/\/homolog.saopaulo.sp.leg.br\/escoladoparlamento\/wp-json\/wp\/v2\/users\/127"}],"replies":[{"embeddable":true,"href":"https:\/\/homolog.saopaulo.sp.leg.br\/escoladoparlamento\/wp-json\/wp\/v2\/comments?post=4190"}],"version-history":[{"count":5,"href":"https:\/\/homolog.saopaulo.sp.leg.br\/escoladoparlamento\/wp-json\/wp\/v2\/pages\/4190\/revisions"}],"predecessor-version":[{"id":4542,"href":"https:\/\/homolog.saopaulo.sp.leg.br\/escoladoparlamento\/wp-json\/wp\/v2\/pages\/4190\/revisions\/4542"}],"up":[{"embeddable":true,"href":"https:\/\/homolog.saopaulo.sp.leg.br\/escoladoparlamento\/wp-json\/wp\/v2\/pages\/43"}],"wp:attachment":[{"href":"https:\/\/homolog.saopaulo.sp.leg.br\/escoladoparlamento\/wp-json\/wp\/v2\/media?parent=4190"}],"curies":[{"name":"wp","href":"https:\/\/api.w.org\/{rel}","templated":true}]}}