{"id":4325,"date":"2016-06-16T14:27:27","date_gmt":"2016-06-16T17:27:27","guid":{"rendered":"http:\/\/homolog.saopaulo.sp.leg.br\/escoladoparlamento\/?page_id=4325"},"modified":"2018-05-11T16:51:39","modified_gmt":"2018-05-11T19:51:39","slug":"gestao-de-recursos-naturais-e-ambientais-conceitos-e-problemas","status":"publish","type":"page","link":"https:\/\/homolog.saopaulo.sp.leg.br\/escoladoparlamento\/cursos\/cursos-anteriores\/cursos-realizados-em-2016\/gestao-de-recursos-naturais-e-ambientais-conceitos-e-problemas\/","title":{"rendered":"Gest\u00e3o de Recursos Naturais e Ambientais: Conceitos e Problemas"},"content":{"rendered":"<p><iframe loading=\"lazy\" title=\"Curso da Escola do Parlamento aborda problemas ambientais\" width=\"640\" height=\"480\" src=\"https:\/\/www.youtube.com\/embed\/_u0EsC735_k?feature=oembed\" frameborder=\"0\" allow=\"accelerometer; autoplay; clipboard-write; encrypted-media; gyroscope; picture-in-picture; web-share\" referrerpolicy=\"strict-origin-when-cross-origin\" allowfullscreen><\/iframe><\/p>\n<hr \/>\n<p><strong>Objetivo:<\/strong> Introduzir os participantes em uma discuss\u00e3o ambiental, econ\u00f4mica e social de gest\u00e3o de recursos naturais e ambientais. Por meio da exposi\u00e7\u00e3o de conceitos relacionados ao tema proposto e apresenta\u00e7\u00e3o de situa\u00e7\u00f5es reais de gest\u00e3o ou de aus\u00eancia desta pretende-se motivar os participantes a uma reflex\u00e3o acerca do papel do Estado e dos cidad\u00e3os para a continuidade destes recursos bem como acerca da qualidade de vida a ela relacionada.<\/p>\n<p><strong>Coordenador do Evento:<\/strong> Simone Rezende da Silva<\/p>\n<p><strong>Diretor Respons\u00e1vel:<\/strong> Lara Mesquita<\/p>\n<p><strong>P\u00fablico Alvo:<\/strong>\u00a0Gestores p\u00fablicos, militantes, estudantes ou cidad\u00e3os em geral interessados na \u00e1rea socioambiental.<\/p>\n<p><strong>Carga Hor\u00e1ria:<\/strong> 21 horas (7 encontros de 3h)<\/p>\n<h3><strong>Inscri\u00e7\u00f5es:<\/strong> Encerradas. <a href=\"http:\/\/homolog.saopaulo.sp.leg.br\/escoladoparlamento\/wp-content\/uploads\/sites\/5\/2016\/06\/Rela\u00e7\u00e3o-de-convocados-para-o-curso-de-Gest\u00e3o-dos-recursos-naturais.pdf\">Rela\u00e7\u00e3o de convocados<\/a><\/h3>\n<p><strong>Programa\u00e7\u00e3o:<\/strong><\/p>\n<table>\n<tbody>\n<tr>\n<td><strong>Datas<\/strong><\/td>\n<td><strong>Hora<\/strong><\/td>\n<td><strong>Local<\/strong><\/td>\n<td><strong>Tema<\/strong><\/td>\n<td><strong>Palestrante<\/strong><\/td>\n<\/tr>\n<tr>\n<td><strong>04\/08<\/strong><\/td>\n<td>19h-22h<\/td>\n<td><a title=\"Sala S\u00e9rgio Vieira de Mello \u2013 (\u201cSala A\u201d)\" href=\"http:\/\/homolog.saopaulo.sp.leg.br\/transparencia\/auditorios-online\/sala-sergio-vieira-de-mello-sala\/\">Sala S\u00e9rgio Vieira de Mello <\/a><\/td>\n<td>Primeiros conceitos: Natureza, ambiente e Recursos Naturais e Ambientais<\/td>\n<td><em>Profa. Ms. Giorgia Limnios; Media\u00e7\u00e3o:\u00a0Profa. Dra. Simone Rezende da Silva \u00a0[<a href=\"http:\/\/homolog.saopaulo.sp.leg.br\/escoladoparlamento\/wp-content\/uploads\/sites\/5\/2016\/06\/Aula-1-EP.pdf\">Slides<\/a>]<\/em><\/td>\n<\/tr>\n<tr>\n<td><strong>09\/08<\/strong><\/td>\n<td>19h-22h<\/td>\n<td><a title=\"Sala S\u00e9rgio Vieira de Mello \u2013 (\u201cSala A\u201d)\" href=\"http:\/\/homolog.saopaulo.sp.leg.br\/transparencia\/auditorios-online\/sala-sergio-vieira-de-mello-sala\/\">Sala S\u00e9rgio Vieira de Mello <\/a><\/td>\n<td>Desenvolvimento insustent\u00e1vel<\/td>\n<td><em>Profa. Ms. Giorgia Limnios; Media\u00e7\u00e3o:\u00a0Profa. Dra. Simone Rezende da Silva\u00a0<\/em><\/td>\n<\/tr>\n<tr>\n<td><strong>11\/08<\/strong><\/td>\n<td>19h-22h<\/td>\n<td><a title=\"Sala S\u00e9rgio Vieira de Mello \u2013 (\u201cSala A\u201d)\" href=\"http:\/\/homolog.saopaulo.sp.leg.br\/transparencia\/auditorios-online\/sala-sergio-vieira-de-mello-sala\/\">Sala S\u00e9rgio Vieira de Mello <\/a><\/td>\n<td>Espa\u00e7os verdes em S\u00e3o Paulo<\/td>\n<td><em>Profa. Ms. Giorgia Limnios\u00a0 Media\u00e7\u00e3o:\u00a0Profa. Dra. Simone Rezende da Silva [<a href=\"http:\/\/homolog.saopaulo.sp.leg.br\/escoladoparlamento\/wp-content\/uploads\/sites\/5\/2016\/06\/Aula-11ago-Areas-Verdes-Cobertura-Vegetal-e-Patrimonio-Ambiental.pdf\">Slides<\/a>]<\/em><\/td>\n<\/tr>\n<tr>\n<td><strong>16\/08<\/strong><\/td>\n<td>19h-22h<\/td>\n<td><a title=\"Sala S\u00e9rgio Vieira de Mello \u2013 (\u201cSala A\u201d)\" href=\"http:\/\/homolog.saopaulo.sp.leg.br\/transparencia\/auditorios-online\/sala-sergio-vieira-de-mello-sala\/\">Sala S\u00e9rgio Vieira de Mello <\/a><\/td>\n<td>A matriz energ\u00e9tica brasileira problemas e desafios<\/td>\n<td><em>Profa. Dra. Marisa Matos Fierz; <\/em><em>Media\u00e7\u00e3o:\u00a0Profa. Dra. Simone Rezende da Silva [<a href=\"http:\/\/homolog.saopaulo.sp.leg.br\/escoladoparlamento\/wp-content\/uploads\/sites\/5\/2016\/06\/Aula-16ago-Matriz-energ\u00e9tica-brasileira.pdf\">Slides<\/a>]<\/em><\/td>\n<\/tr>\n<tr>\n<td><strong>18\/08<\/strong><\/td>\n<td>19h-22h<\/td>\n<td><a title=\"Sala S\u00e9rgio Vieira de Mello \u2013 (\u201cSala A\u201d)\" href=\"http:\/\/homolog.saopaulo.sp.leg.br\/transparencia\/auditorios-online\/sala-sergio-vieira-de-mello-sala\/\">Sala S\u00e9rgio Vieira de Mello <\/a><\/td>\n<td>A quest\u00e3o h\u00eddrica<\/td>\n<td><em>Profa. Dra. Marisa de Souto Matos Fierz \u00a0[<a href=\"http:\/\/homolog.saopaulo.sp.leg.br\/escoladoparlamento\/wp-content\/uploads\/sites\/5\/2016\/06\/Aula-18ago-A-quest\u00e3o-h\u00eddrica.pdf\">Slides<\/a>]<\/em><\/td>\n<\/tr>\n<tr>\n<td><strong>23\/08<\/strong><\/td>\n<td>19h-22h<\/td>\n<td><a title=\"Sala S\u00e9rgio Vieira de Mello \u2013 (\u201cSala A\u201d)\" href=\"http:\/\/homolog.saopaulo.sp.leg.br\/transparencia\/auditorios-online\/sala-sergio-vieira-de-mello-sala\/\">Sala S\u00e9rgio Vieira de Mello <\/a><\/td>\n<td>Res\u00edduos s\u00f3lidos em S\u00e3o Paulo<\/td>\n<td><em>Profa. Dra. Rosalina Burgos \u00a0[<a href=\"http:\/\/homolog.saopaulo.sp.leg.br\/escoladoparlamento\/wp-content\/uploads\/sites\/5\/2016\/06\/Aula-23ago-Rosalina-Burgos-Res\u00edduos-s\u00f3lidos-em-S\u00e3o-Paulo.pdf\">Slides<\/a>]<\/em><\/td>\n<\/tr>\n<tr>\n<td><strong>25\/08<\/strong><\/td>\n<td>19h-22h<\/td>\n<td><a title=\"Sala S\u00e9rgio Vieira de Mello \u2013 (\u201cSala A\u201d)\" href=\"http:\/\/homolog.saopaulo.sp.leg.br\/transparencia\/auditorios-online\/sala-sergio-vieira-de-mello-sala\/\">Sala S\u00e9rgio Vieira de Mello <\/a><\/td>\n<td>Prote\u00e7\u00e3o da Natureza<\/td>\n<td><em>Profa. Dra. Marisa de Souto Matos Fierz Media\u00e7\u00e3o:\u00a0Profa. Dra. Simone Rezende da Silva \u00a0[<a href=\"http:\/\/homolog.saopaulo.sp.leg.br\/escoladoparlamento\/wp-content\/uploads\/sites\/5\/2016\/06\/Aula-25ago-Prote\u00e7\u00e3o-da-Natureza-EP-final.pdf\">Slides<\/a>] [<a href=\"http:\/\/homolog.saopaulo.sp.leg.br\/escoladoparlamento\/wp-content\/uploads\/sites\/5\/2016\/06\/Aula-25ago-Prote\u00e7\u00e3o-da-Natureza-Estudo-de-Caso.pdf\">estudo-de-caso<\/a>]<\/em><\/td>\n<\/tr>\n<\/tbody>\n<\/table>\n","protected":false},"excerpt":{"rendered":"<p>Objetivo: Introduzir os participantes em uma discuss\u00e3o ambiental, econ\u00f4mica e social de gest\u00e3o de recursos naturais e ambientais. Por meio da exposi\u00e7\u00e3o de conceitos relacionados ao tema proposto e apresenta\u00e7\u00e3o de situa\u00e7\u00f5es reais de gest\u00e3o ou de aus\u00eancia desta pretende-se motivar os participantes a uma reflex\u00e3o acerca do papel do Estado e dos cidad\u00e3os para [&hellip;]<\/p>\n","protected":false},"author":183,"featured_media":0,"parent":3097,"menu_order":703,"comment_status":"closed","ping_status":"closed","template":"","meta":{"_acf_changed":false,"footnotes":""},"class_list":["post-4325","page","type-page","status-publish","hentry"],"acf":[],"_links":{"self":[{"href":"https:\/\/homolog.saopaulo.sp.leg.br\/escoladoparlamento\/wp-json\/wp\/v2\/pages\/4325","targetHints":{"allow":["GET"]}}],"collection":[{"href":"https:\/\/homolog.saopaulo.sp.leg.br\/escoladoparlamento\/wp-json\/wp\/v2\/pages"}],"about":[{"href":"https:\/\/homolog.saopaulo.sp.leg.br\/escoladoparlamento\/wp-json\/wp\/v2\/types\/page"}],"author":[{"embeddable":true,"href":"https:\/\/homolog.saopaulo.sp.leg.br\/escoladoparlamento\/wp-json\/wp\/v2\/users\/183"}],"replies":[{"embeddable":true,"href":"https:\/\/homolog.saopaulo.sp.leg.br\/escoladoparlamento\/wp-json\/wp\/v2\/comments?post=4325"}],"version-history":[{"count":5,"href":"https:\/\/homolog.saopaulo.sp.leg.br\/escoladoparlamento\/wp-json\/wp\/v2\/pages\/4325\/revisions"}],"predecessor-version":[{"id":9529,"href":"https:\/\/homolog.saopaulo.sp.leg.br\/escoladoparlamento\/wp-json\/wp\/v2\/pages\/4325\/revisions\/9529"}],"up":[{"embeddable":true,"href":"https:\/\/homolog.saopaulo.sp.leg.br\/escoladoparlamento\/wp-json\/wp\/v2\/pages\/3097"}],"wp:attachment":[{"href":"https:\/\/homolog.saopaulo.sp.leg.br\/escoladoparlamento\/wp-json\/wp\/v2\/media?parent=4325"}],"curies":[{"name":"wp","href":"https:\/\/api.w.org\/{rel}","templated":true}]}}