{"id":7080,"date":"2017-08-16T16:38:33","date_gmt":"2017-08-16T19:38:33","guid":{"rendered":"http:\/\/homolog.saopaulo.sp.leg.br\/escoladoparlamento\/?page_id=7080"},"modified":"2017-08-16T16:38:33","modified_gmt":"2017-08-16T19:38:33","slug":"executivo-e-legislativo-no-ambito-municipal-a-formacao-de-gabinetes-no-municipio-de-sao-paulo-1989-2012","status":"publish","type":"page","link":"https:\/\/homolog.saopaulo.sp.leg.br\/escoladoparlamento\/projetos\/administracao-publica\/executivo-e-legislativo-no-ambito-municipal-a-formacao-de-gabinetes-no-municipio-de-sao-paulo-1989-2012\/","title":{"rendered":"Executivo e legislativo no \u00e2mbito municipal: a forma\u00e7\u00e3o de gabinetes no munic\u00edpio de S\u00e3o Paulo (1989-2012)"},"content":{"rendered":"<ul>\n<li><strong>T\u00edtulo<\/strong>:\u00a0Executivo e legislativo no \u00e2mbito municipal: a forma\u00e7\u00e3o de gabinetes no munic\u00edpio de S\u00e3o Paulo (1989-2012)<\/li>\n<li><strong>Autora<\/strong>:\u00a0Joice Godoi Garcia<\/li>\n<li><strong>Orientador<\/strong>:\u00a0\u00a0George\u00a0Avelino Filho<\/li>\n<li><strong>Institui\u00e7\u00e3o<\/strong>: FGV (Mestrado)<\/li>\n<li><strong>Disciplina<\/strong>: Administra\u00e7\u00e3o P\u00fablica<\/li>\n<li><strong>Link<\/strong>: <a href=\"http:\/\/bibliotecadigital.fgv.br\/dspace\/bitstream\/handle\/10438\/10655\/Disserta%c3%a7%c3%a3o%20Mestrado_Joice%20Godoi%20Garcia.pdf?sequence=1&amp;isAllowed=y\">Tese Completa<\/a>\n<p align=\"justify\">O desenho pol\u00edtico-institucional dos munic\u00edpios brasileiros segue a l\u00f3gica da esfera federal. Tal sistema tem por caracter\u00edsticas gerais o termo de dura\u00e7\u00e3o fixa e pr\u00f3prio, tanto para o Executivo quanto para o Legislativo, ou seja, ambos s\u00e3o eleitos diretamente \u2013 elei\u00e7\u00f5es majorit\u00e1rias e proporcionais, respectivamente \u2013 sem estarem sujeitos \u00e0 confian\u00e7a m\u00fatua como no sistema parlamentarista. Dada a separa\u00e7\u00e3o de poderes e o conflito que a literatura ressalta no \u00e2mbito federal entre Legislativo e Executivo, o estudo examina a estrutura da din\u00e2mica dessa rela\u00e7\u00e3o no \u00e2mbito municipal. Nesse sentido, o escopo tange as estrat\u00e9gias adotadas na forma\u00e7\u00e3o dos gabinetes no munic\u00edpio de S\u00e3o Paulo de 1989 a 2012, ou seja, contempla 6 (seis) diferentes gest\u00f5es paulistanas. Para isso foi investigado o perfil pol\u00edtico-partid\u00e1rio do secretariado e a correspond\u00eancia em termos de cadeiras no Legislativo paulistano, bem como os resultados acerca da aprova\u00e7\u00e3o de proposituras de iniciativa do Executivo. Os resultados encontrados destacam que a distribui\u00e7\u00e3o de pastas n\u00e3o acarreta em um suporte da maioria do parlamento, como no caso federal. Entretanto, apesar da aus\u00eancia desse apoio, praticamente todos os projetos do Executivo que chegaram ao Plen\u00e1rio foram aprovados. Assim, o estudo aponta que o compartilhamento de poder atrav\u00e9s da nomea\u00e7\u00e3o de secret\u00e1rios partid\u00e1rios \u00e9 uma ferramenta importante do Executivo, por\u00e9m pode n\u00e3o ser a \u00fanica garantidora de uma coaliz\u00e3o majorit\u00e1ria que explique o sucesso legislativo do prefeito.<\/p>\n<p>&nbsp;<\/li>\n<\/ul>\n","protected":false},"excerpt":{"rendered":"<p>T\u00edtulo:\u00a0Executivo e legislativo no \u00e2mbito municipal: a forma\u00e7\u00e3o de gabinetes no munic\u00edpio de S\u00e3o Paulo (1989-2012) Autora:\u00a0Joice Godoi Garcia Orientador:\u00a0\u00a0George\u00a0Avelino Filho Institui\u00e7\u00e3o: FGV (Mestrado) Disciplina: Administra\u00e7\u00e3o P\u00fablica Link: Tese Completa O desenho pol\u00edtico-institucional dos munic\u00edpios brasileiros segue a l\u00f3gica da esfera federal. Tal sistema tem por caracter\u00edsticas gerais o termo de dura\u00e7\u00e3o fixa e pr\u00f3prio, [&hellip;]<\/p>\n","protected":false},"author":183,"featured_media":0,"parent":7369,"menu_order":474,"comment_status":"closed","ping_status":"closed","template":"","meta":{"_acf_changed":false,"footnotes":""},"class_list":["post-7080","page","type-page","status-publish","hentry"],"acf":[],"_links":{"self":[{"href":"https:\/\/homolog.saopaulo.sp.leg.br\/escoladoparlamento\/wp-json\/wp\/v2\/pages\/7080","targetHints":{"allow":["GET"]}}],"collection":[{"href":"https:\/\/homolog.saopaulo.sp.leg.br\/escoladoparlamento\/wp-json\/wp\/v2\/pages"}],"about":[{"href":"https:\/\/homolog.saopaulo.sp.leg.br\/escoladoparlamento\/wp-json\/wp\/v2\/types\/page"}],"author":[{"embeddable":true,"href":"https:\/\/homolog.saopaulo.sp.leg.br\/escoladoparlamento\/wp-json\/wp\/v2\/users\/183"}],"replies":[{"embeddable":true,"href":"https:\/\/homolog.saopaulo.sp.leg.br\/escoladoparlamento\/wp-json\/wp\/v2\/comments?post=7080"}],"version-history":[{"count":3,"href":"https:\/\/homolog.saopaulo.sp.leg.br\/escoladoparlamento\/wp-json\/wp\/v2\/pages\/7080\/revisions"}],"predecessor-version":[{"id":7521,"href":"https:\/\/homolog.saopaulo.sp.leg.br\/escoladoparlamento\/wp-json\/wp\/v2\/pages\/7080\/revisions\/7521"}],"up":[{"embeddable":true,"href":"https:\/\/homolog.saopaulo.sp.leg.br\/escoladoparlamento\/wp-json\/wp\/v2\/pages\/7369"}],"wp:attachment":[{"href":"https:\/\/homolog.saopaulo.sp.leg.br\/escoladoparlamento\/wp-json\/wp\/v2\/media?parent=7080"}],"curies":[{"name":"wp","href":"https:\/\/api.w.org\/{rel}","templated":true}]}}