{"id":7107,"date":"2017-08-16T16:37:17","date_gmt":"2017-08-16T19:37:17","guid":{"rendered":"http:\/\/homolog.saopaulo.sp.leg.br\/escoladoparlamento\/?page_id=7107"},"modified":"2017-08-16T16:37:22","modified_gmt":"2017-08-16T19:37:22","slug":"em-busca-da-cidade-moderna-as-acoes-de-saude-de-higiene-e-as-intervencoes-urbanas-em-sao-paulo-durante-a-gestao-de-antonio-da-silva-prado-1899-1910","status":"publish","type":"page","link":"https:\/\/homolog.saopaulo.sp.leg.br\/escoladoparlamento\/projetos\/historia\/em-busca-da-cidade-moderna-as-acoes-de-saude-de-higiene-e-as-intervencoes-urbanas-em-sao-paulo-durante-a-gestao-de-antonio-da-silva-prado-1899-1910\/","title":{"rendered":"Em busca da cidade moderna: as a\u00e7\u00f5es de sa\u00fade, de higiene e as interven\u00e7\u00f5es urbanas em S\u00e3o Paulo durante a gest\u00e3o de Antonio da Silva Prado (1899 1910)"},"content":{"rendered":"<ul>\n<li><strong>T\u00edtulo<\/strong>: Em busca da cidade moderna: as a\u00e7\u00f5es de sa\u00fade, de higiene e as interven\u00e7\u00f5es urbanas em S\u00e3o Paulo durante a gest\u00e3o de Antonio da Silva Prado (1899 1910)<\/li>\n<li><strong>Autora<\/strong>:\u00a0Karla Aparecida\u00a0Maestrini<\/li>\n<li><strong>Orientadora<\/strong>: \u00a0Mariza\u00a0Romero<\/li>\n<li><strong>Institui\u00e7\u00e3o<\/strong>: PUC-SP (Mestrado)<\/li>\n<li><strong>Disciplina<\/strong>: Hist\u00f3ria<\/li>\n<li><strong>Link<\/strong>: <a href=\"https:\/\/sapientia.pucsp.br\/bitstream\/handle\/12877\/1\/Karla%20Aparecida%20Maestrini.pdf\">Tese Completa<\/a>\n<p align=\"justify\">A presente disserta\u00e7\u00e3o busca empreender uma an\u00e1lise sobre as a\u00e7\u00f5es e pr\u00e1ticas sanit\u00e1rias desenvolvidas na cidade de S\u00e3o Paulo durante os anos de 1899 a 1910. O referido per\u00edodo corresponde a administra\u00e7\u00e3o do primeiro prefeito de S\u00e3o Paulo, Antonio da Silva Prado, um homem conservador, membro de uma das fam\u00edlias mais tradicionais da aristocracia paulistana. Durante os anos anteriores \u00e0 constitui\u00e7\u00e3o da prefeitura, as a\u00e7\u00f5es referentes \u00e0 higiene e sa\u00fade p\u00fablica estavam a cargo da administra\u00e7\u00e3o da C\u00e2mara Municipal de S\u00e3o Paulo e sua Intend\u00eancia de Pol\u00edcia e Higiene. Apoiado na estrutura administrativa remanescente das antigas intend\u00eancias, o conselheiro Prado, ao assumir a rec\u00e9m criada prefeitura, d\u00e1 in\u00edcio a implanta\u00e7\u00e3o do projeto de cidade moderna para S\u00e3o Paulo. Nesses termos, Prado procurou trazer ares europeus para a urbe em acelerado processo de desenvolvimento, na passagem do XIX para o s\u00e9culo XX, objetivando torn\u00e1-la uma cidade regrada e ordenada do ponto de vista de seu desenvolvimento material. Desta forma, objetivamos compreender o papel desempenhado pelas a\u00e7\u00f5es sanit\u00e1rias e urban\u00edsticas na execu\u00e7\u00e3o do projeto de cidade destinado \u00e0 capital paulista, atentando para os conflitos e embates surgidos entre a edilidade e determinados grupos constituintes da popula\u00e7\u00e3o paulistana frente \u00e0s interven\u00e7\u00f5es promovidas no espa\u00e7o p\u00fablico<\/p>\n<p>&nbsp;<\/li>\n<\/ul>\n","protected":false},"excerpt":{"rendered":"<p>T\u00edtulo: Em busca da cidade moderna: as a\u00e7\u00f5es de sa\u00fade, de higiene e as interven\u00e7\u00f5es urbanas em S\u00e3o Paulo durante a gest\u00e3o de Antonio da Silva Prado (1899 1910) Autora:\u00a0Karla Aparecida\u00a0Maestrini Orientadora: \u00a0Mariza\u00a0Romero Institui\u00e7\u00e3o: PUC-SP (Mestrado) Disciplina: Hist\u00f3ria Link: Tese Completa A presente disserta\u00e7\u00e3o busca empreender uma an\u00e1lise sobre as a\u00e7\u00f5es e pr\u00e1ticas sanit\u00e1rias desenvolvidas [&hellip;]<\/p>\n","protected":false},"author":183,"featured_media":0,"parent":7379,"menu_order":462,"comment_status":"closed","ping_status":"closed","template":"","meta":{"_acf_changed":false,"footnotes":""},"class_list":["post-7107","page","type-page","status-publish","hentry"],"acf":[],"_links":{"self":[{"href":"https:\/\/homolog.saopaulo.sp.leg.br\/escoladoparlamento\/wp-json\/wp\/v2\/pages\/7107","targetHints":{"allow":["GET"]}}],"collection":[{"href":"https:\/\/homolog.saopaulo.sp.leg.br\/escoladoparlamento\/wp-json\/wp\/v2\/pages"}],"about":[{"href":"https:\/\/homolog.saopaulo.sp.leg.br\/escoladoparlamento\/wp-json\/wp\/v2\/types\/page"}],"author":[{"embeddable":true,"href":"https:\/\/homolog.saopaulo.sp.leg.br\/escoladoparlamento\/wp-json\/wp\/v2\/users\/183"}],"replies":[{"embeddable":true,"href":"https:\/\/homolog.saopaulo.sp.leg.br\/escoladoparlamento\/wp-json\/wp\/v2\/comments?post=7107"}],"version-history":[{"count":2,"href":"https:\/\/homolog.saopaulo.sp.leg.br\/escoladoparlamento\/wp-json\/wp\/v2\/pages\/7107\/revisions"}],"predecessor-version":[{"id":7517,"href":"https:\/\/homolog.saopaulo.sp.leg.br\/escoladoparlamento\/wp-json\/wp\/v2\/pages\/7107\/revisions\/7517"}],"up":[{"embeddable":true,"href":"https:\/\/homolog.saopaulo.sp.leg.br\/escoladoparlamento\/wp-json\/wp\/v2\/pages\/7379"}],"wp:attachment":[{"href":"https:\/\/homolog.saopaulo.sp.leg.br\/escoladoparlamento\/wp-json\/wp\/v2\/media?parent=7107"}],"curies":[{"name":"wp","href":"https:\/\/api.w.org\/{rel}","templated":true}]}}