{"id":7137,"date":"2017-08-16T16:36:20","date_gmt":"2017-08-16T19:36:20","guid":{"rendered":"http:\/\/homolog.saopaulo.sp.leg.br\/escoladoparlamento\/?page_id=7137"},"modified":"2017-08-16T16:36:20","modified_gmt":"2017-08-16T19:36:20","slug":"impasses-decisorios-na-relacao-executivo-legislativo-o-plano-diretor-da-cidade-de-sao-paulo-no-governo-do-pt-1989-1992","status":"publish","type":"page","link":"https:\/\/homolog.saopaulo.sp.leg.br\/escoladoparlamento\/projetos\/administracao-publica\/impasses-decisorios-na-relacao-executivo-legislativo-o-plano-diretor-da-cidade-de-sao-paulo-no-governo-do-pt-1989-1992\/","title":{"rendered":"Impasses decis\u00f3rios na rela\u00e7\u00e3o executivo-legislativo: o plano diretor da cidade de S\u00e3o Paulo no governo do PT (1989-1992)"},"content":{"rendered":"<ul>\n<li><strong>T\u00edtulo<\/strong>: Impasses decis\u00f3rios na rela\u00e7\u00e3o executivo-legislativo: o plano diretor da cidade de S\u00e3o Paulo no governo do PT (1989-1992)<\/li>\n<li><strong>Autora<\/strong>:\u00a0Vera L\u00facia de Oliveira\u00a0Salvatore<\/li>\n<li><strong>Orientadora<\/strong>:\u00a0Maria Rita Garcia\u00a0Loureiro<\/li>\n<li><strong>Institui\u00e7\u00e3o<\/strong>: FGV (Mestrado)<\/li>\n<li><strong>Disciplina<\/strong>: Administra\u00e7\u00e3o P\u00fablica<\/li>\n<li><strong>Link<\/strong>: <a href=\"http:\/\/bibliotecadigital.fgv.br\/dspace\/bitstream\/handle\/10438\/5196\/1199600782.pdf?sequence=1&amp;isAllowed=y\">Tese Completa<\/a>\n<p align=\"justify\">Este trabalho tem por objeto a an\u00e1lise da rela\u00e7\u00e3o entre os Poderes Executivo e Legislativo Municipal, tal como se constituiu nas negocia\u00e7\u00f5es do Plano Diretor na C\u00e2mara Municipal de S\u00e3o Paulo, durante a administra\u00e7\u00e3o da prefeita Lu\u00edza Erundina de Souza, no per\u00edodo de 1989 a 1992.<\/p>\n<p>&nbsp;<\/li>\n<\/ul>\n","protected":false},"excerpt":{"rendered":"<p>T\u00edtulo: Impasses decis\u00f3rios na rela\u00e7\u00e3o executivo-legislativo: o plano diretor da cidade de S\u00e3o Paulo no governo do PT (1989-1992) Autora:\u00a0Vera L\u00facia de Oliveira\u00a0Salvatore Orientadora:\u00a0Maria Rita Garcia\u00a0Loureiro Institui\u00e7\u00e3o: FGV (Mestrado) Disciplina: Administra\u00e7\u00e3o P\u00fablica Link: Tese Completa Este trabalho tem por objeto a an\u00e1lise da rela\u00e7\u00e3o entre os Poderes Executivo e Legislativo Municipal, tal como se constituiu [&hellip;]<\/p>\n","protected":false},"author":183,"featured_media":0,"parent":7369,"menu_order":458,"comment_status":"closed","ping_status":"closed","template":"","meta":{"_acf_changed":false,"footnotes":""},"class_list":["post-7137","page","type-page","status-publish","hentry"],"acf":[],"_links":{"self":[{"href":"https:\/\/homolog.saopaulo.sp.leg.br\/escoladoparlamento\/wp-json\/wp\/v2\/pages\/7137","targetHints":{"allow":["GET"]}}],"collection":[{"href":"https:\/\/homolog.saopaulo.sp.leg.br\/escoladoparlamento\/wp-json\/wp\/v2\/pages"}],"about":[{"href":"https:\/\/homolog.saopaulo.sp.leg.br\/escoladoparlamento\/wp-json\/wp\/v2\/types\/page"}],"author":[{"embeddable":true,"href":"https:\/\/homolog.saopaulo.sp.leg.br\/escoladoparlamento\/wp-json\/wp\/v2\/users\/183"}],"replies":[{"embeddable":true,"href":"https:\/\/homolog.saopaulo.sp.leg.br\/escoladoparlamento\/wp-json\/wp\/v2\/comments?post=7137"}],"version-history":[{"count":1,"href":"https:\/\/homolog.saopaulo.sp.leg.br\/escoladoparlamento\/wp-json\/wp\/v2\/pages\/7137\/revisions"}],"predecessor-version":[{"id":7138,"href":"https:\/\/homolog.saopaulo.sp.leg.br\/escoladoparlamento\/wp-json\/wp\/v2\/pages\/7137\/revisions\/7138"}],"up":[{"embeddable":true,"href":"https:\/\/homolog.saopaulo.sp.leg.br\/escoladoparlamento\/wp-json\/wp\/v2\/pages\/7369"}],"wp:attachment":[{"href":"https:\/\/homolog.saopaulo.sp.leg.br\/escoladoparlamento\/wp-json\/wp\/v2\/media?parent=7137"}],"curies":[{"name":"wp","href":"https:\/\/api.w.org\/{rel}","templated":true}]}}