{"id":835,"date":"2015-07-01T16:42:13","date_gmt":"2015-07-01T19:42:13","guid":{"rendered":"http:\/\/homolog.saopaulo.sp.leg.br\/escoladoparlamento\/?page_id=835"},"modified":"2017-07-11T15:23:12","modified_gmt":"2017-07-11T18:23:12","slug":"educacao-e-cidadania-3a-turma","status":"publish","type":"page","link":"https:\/\/homolog.saopaulo.sp.leg.br\/escoladoparlamento\/cursos\/cursos-anteriores\/cursos-realizados-em-2015\/educacao-e-cidadania-3a-turma\/","title":{"rendered":"Educa\u00e7\u00e3o e Cidadania &#8211; 3\u00aa Turma"},"content":{"rendered":"<p><iframe loading=\"lazy\" title=\"Hist\u00f3ria da C\u00e2mara \u00e9 contada a educadores da rede municipal\" width=\"640\" height=\"480\" src=\"https:\/\/www.youtube.com\/embed\/N0S10frz-jc?feature=oembed\" frameborder=\"0\" allow=\"accelerometer; autoplay; clipboard-write; encrypted-media; gyroscope; picture-in-picture; web-share\" referrerpolicy=\"strict-origin-when-cross-origin\" allowfullscreen><\/iframe><\/p>\n<hr \/>\n<p>Curso na \u00e1rea da Educa\u00e7\u00e3o inserido no Programa de Capacita\u00e7\u00e3o de Agentes Pol\u00edticos e Comunit\u00e1rios e de Forma\u00e7\u00e3o para Cidadania da Escola do Parlamento da CMSP,\u00a0oferecido \u00e0s\u00a0<strong>Diretorias Regionais de Ensino &#8211; DREs do Ipiranga, Sto. Amaro, Itaquera e Penha<\/strong>, em parceria com a Secretaria Municipal de Educa\u00e7\u00e3o.<\/p>\n<p><strong>Objetivos: <\/strong>Compreender a import\u00e2ncia do espa\u00e7o escolar como espa\u00e7o de forma\u00e7\u00e3o do cidad\u00e3o participativo bem como a relev\u00e2ncia do papel dos educadores na promo\u00e7\u00e3o do exerc\u00edcio democr\u00e1tico de participa\u00e7\u00e3o; Identificar formas de gest\u00e3o escolar promotoras da participa\u00e7\u00e3o da comunidade no processo de tomada de decis\u00f5es; Reconhecer o Conselho de Escola e a Associa\u00e7\u00e3o de Pais e Mestres como espa\u00e7os poss\u00edveis de exerc\u00edcio de cidadania participativa; Elaborar atividades interdisciplinares que possibilitem \u00e0 crian\u00e7a, ao jovem e ao adulto diferentes exerc\u00edcios de participa\u00e7\u00e3o no espa\u00e7o escolar; Identificar como os exerc\u00edcios de participa\u00e7\u00e3o promovidos no espa\u00e7o escolar podem preparar a compreens\u00e3o da import\u00e2ncia do poder legislativo de crian\u00e7as, jovens e adultos; Compreender a import\u00e2ncia do Poder Legislativo para o exerc\u00edcio da Cidadania<\/p>\n<p><strong>P\u00fablico Alvo:\u00a0<\/strong>Educadores da Rede Municipal de Ensino de S\u00e3o Paulo<\/p>\n<p><strong>Vagas: <\/strong>100 \u2013 para cada DRE<\/p>\n<p><strong>Carga Hor\u00e1ria: <\/strong>24h<\/p>\n<p><strong>Certifica\u00e7\u00e3o: <\/strong>Elaborada pela SME e assinada por SME e pela Escola do Parlamento, para os matriculados com\u00a0 pelo menos <strong>83% de presen\u00e7a<\/strong> (aferida por SME) e <strong>apresenta\u00e7\u00e3o de trabalho escrito<\/strong> a ser validado pela Coordena\u00e7\u00e3o do Curso.<\/p>\n<p><strong>Programa\u00e7\u00e3o: <\/strong>A abertura \u00e9 um encontro \u00fanico com todas as DREs.<\/p>\n<table width=\"913\">\n<tbody>\n<tr>\n<td width=\"128\">Data<\/td>\n<td width=\"128\">Hora<\/td>\n<td width=\"279\">Tema<\/td>\n<td width=\"378\">Docente<\/td>\n<\/tr>\n<tr>\n<td><strong>08\/04\/2015<\/strong><\/td>\n<td>19h-22h<\/td>\n<td width=\"279\"><em>Aula de Abertura &#8211; CMSP: O que \u00e9 ser cidad\u00e3o, hoje, em nosso Pa\u00eds?<\/em><\/td>\n<td>Prof\u00aa Dr\u00aa Maria Vict\u00f3ria Benevides<\/td>\n<\/tr>\n<\/tbody>\n<\/table>\n<p><strong>DRE Ipiranga:<\/strong> Aulas\u00a0ministradas no <strong>CEU Meninos &#8211; <\/strong>Sala Multiuso: Rua Barbinos, s\/n. S\u00e3o Jo\u00e3o Cl\u00edmaco &#8211; Ipiranga<\/p>\n<table width=\"690\">\n<tbody>\n<tr>\n<td width=\"75\">Data<\/td>\n<td width=\"86\">Hora<\/td>\n<td width=\"301\">Tema<\/td>\n<td width=\"228\">Docente<\/td>\n<\/tr>\n<tr>\n<td width=\"75\"><strong>15\/04\/2015<\/strong><\/td>\n<td width=\"86\">19h-22h<\/td>\n<td width=\"301\"><em>Educa\u00e7\u00e3o para a Cidadania: estamos preparando nossas crian\u00e7as e jovens para serem cidad\u00e3os?<\/em><\/td>\n<td width=\"228\">Prof\u00aa Ms. Selma Rocha<\/td>\n<\/tr>\n<tr>\n<td width=\"75\"><strong>22\/04\/2015<\/strong><\/td>\n<td width=\"86\">19h-22h<\/td>\n<td width=\"301\"><em>A gest\u00e3o escolar e a participa\u00e7\u00e3o nos processos de tomada de decis\u00e3o: rela\u00e7\u00f5es de poder na escola<\/em><\/td>\n<td width=\"228\">Prof\u00aa Dr\u00aa Magali Aparecida Silvestre<\/td>\n<\/tr>\n<tr>\n<td width=\"75\"><strong>29\/04\/2015<\/strong><\/td>\n<td width=\"86\">19h-22h<\/td>\n<td width=\"301\"><em>O Conselho de Escola, a Associa\u00e7\u00e3o de Pais e Mestres e o Gr\u00eamio Estudantil como espa\u00e7os de exerc\u00edcio de cidadania participativa<\/em><\/td>\n<td width=\"228\">Prof. Ms. Eliseu Muniz<\/td>\n<\/tr>\n<tr>\n<td width=\"75\"><strong>06\/05\/2015<\/strong><\/td>\n<td width=\"86\">19h-22h<\/td>\n<td width=\"301\"><em>Hist\u00f3ria da C\u00e2mara Municipal com Visita ao Plen\u00e1rio<\/em><\/td>\n<td width=\"228\">Prof\u00ba Dr\u00ba Ubirajara de Farias Prestes Filho<\/td>\n<\/tr>\n<tr>\n<td width=\"75\"><strong>13\/05\/2015<\/strong><\/td>\n<td width=\"86\">19h-22h<\/td>\n<td width=\"301\"><em>Exerc\u00edcios de Cidadania Participativa e Poder Legislativo de nossa cidade<\/em><\/td>\n<td width=\"228\">Equipe de Assessoria e Consultoria da \u00c1rea Social &#8211; SGP.52 da CMSP<\/td>\n<\/tr>\n<\/tbody>\n<\/table>\n<p><strong>DRE Itaquera:<\/strong> Aulas ministradas na <strong>FATEC<\/strong> &#8211;<strong>\u00a0<\/strong>Av. Miguel Ign\u00e1cio Curi, 360, Vila Carmosina &#8211; Itaquera<\/p>\n<table width=\"690\">\n<tbody>\n<tr>\n<td width=\"75\">Data<\/td>\n<td width=\"86\">Hora<\/td>\n<td width=\"301\">Tema<\/td>\n<td width=\"228\">Docente<\/td>\n<\/tr>\n<tr>\n<td width=\"75\"><strong>14\/04\/2015<\/strong><\/td>\n<td width=\"86\">19h-22h<\/td>\n<td width=\"301\"><em>Educa\u00e7\u00e3o para a Cidadania: estamos preparando nossas crian\u00e7as e jovens para serem cidad\u00e3os?<\/em><\/td>\n<td width=\"228\">Prof\u00aa Ms. Selma Rocha<\/td>\n<\/tr>\n<tr>\n<td width=\"75\"><strong>28\/04\/2015<\/strong><\/td>\n<td width=\"86\">19h-22h<\/td>\n<td width=\"301\"><em>A gest\u00e3o escolar e a participa\u00e7\u00e3o nos processos de tomada de decis\u00e3o: rela\u00e7\u00f5es de poder na escola<\/em><\/td>\n<td width=\"228\">Prof\u00aa Dr\u00aa Lisete Arelaro<\/td>\n<\/tr>\n<tr>\n<td width=\"75\"><strong>05\/05\/2015<\/strong><\/td>\n<td width=\"86\">19h-22h<\/td>\n<td width=\"301\"><em>O Conselho de Escola, a Associa\u00e7\u00e3o de Pais e Mestres e o Gr\u00eamio Estudantil como espa\u00e7os de exerc\u00edcio de cidadania participativa<\/em><\/td>\n<td width=\"228\">Prof. Ms. Eliseu Muniz<\/td>\n<\/tr>\n<tr>\n<td width=\"75\"><strong>12\/05\/2015<\/strong><\/td>\n<td width=\"86\">19h-22h<\/td>\n<td width=\"301\"><em>Hist\u00f3ria da C\u00e2mara Municipal com Visita ao Plen\u00e1rio<\/em><\/td>\n<td width=\"228\">Prof\u00ba Dr\u00ba Ubirajara de Farias Prestes Filho<\/td>\n<\/tr>\n<tr>\n<td width=\"75\"><strong>19\/05\/2015<\/strong><\/td>\n<td width=\"86\">19h-22h<\/td>\n<td width=\"301\"><em>Exerc\u00edcios de Cidadania Participativa e Poder Legislativo de nossa cidade<\/em><\/td>\n<td width=\"228\">Equipe de Assessoria e Consultoria da \u00c1rea Social &#8211; SGP.52 da CMSP<\/td>\n<\/tr>\n<\/tbody>\n<\/table>\n<p><strong>DRE Sto. Amaro:<\/strong> Aulas ministradas no <strong>CEU Alvarenga &#8211;\u00a0<\/strong>Teatro Nelson Rodrigues: Estrada do Alvarenga, 3752, Balne\u00e1rio S\u00e3o Francisco \u2013 Pedreira \u2013 Santo Amaro<\/p>\n<table width=\"690\">\n<tbody>\n<tr>\n<td width=\"75\">Data<\/td>\n<td width=\"86\">Hora<\/td>\n<td width=\"301\">Tema<\/td>\n<td width=\"228\">Docente<\/td>\n<\/tr>\n<tr>\n<td width=\"75\"><strong>16\/04\/2015<\/strong><\/td>\n<td width=\"86\">19h-22h<\/td>\n<td width=\"301\"><em>Educa\u00e7\u00e3o para a Cidadania: estamos preparando nossas crian\u00e7as e jovens para serem cidad\u00e3os?<\/em><\/td>\n<td width=\"228\">Prof\u00aa Ms. Selma Rocha<\/td>\n<\/tr>\n<tr>\n<td width=\"75\"><strong>23\/04\/2015<\/strong><\/td>\n<td width=\"86\">19h-22h<\/td>\n<td width=\"301\"><em>A gest\u00e3o escolar e a participa\u00e7\u00e3o nos processos de tomada de decis\u00e3o: rela\u00e7\u00f5es de poder na escola<\/em><\/td>\n<td width=\"228\">Prof\u00aa Dr\u00aa Magali Aparecida Silvestre<\/td>\n<\/tr>\n<tr>\n<td width=\"75\"><strong>30\/04\/2015<\/strong><\/td>\n<td width=\"86\">19h-22h<\/td>\n<td width=\"301\"><em>O Conselho de Escola, a Associa\u00e7\u00e3o de Pais e Mestres e o Gr\u00eamio Estudantil como espa\u00e7os de exerc\u00edcio de cidadania participativa<\/em><\/td>\n<td width=\"228\">Prof. Ms. Eliseu Muniz<\/td>\n<\/tr>\n<tr>\n<td width=\"75\"><strong>07\/05\/2015<\/strong><\/td>\n<td width=\"86\">19h-22h<\/td>\n<td width=\"301\"><em>Hist\u00f3ria da C\u00e2mara Municipal com Visita ao Plen\u00e1rio<\/em><\/td>\n<td width=\"228\">Prof\u00ba Dr\u00ba Ubirajara de Farias Prestes Filho<\/td>\n<\/tr>\n<tr>\n<td width=\"75\"><strong>14\/05\/2015<\/strong><\/td>\n<td width=\"86\">19h-22h<\/td>\n<td width=\"301\"><em>Exerc\u00edcios de Cidadania Participativa e Poder Legislativo de nossa cidade<\/em><\/td>\n<td width=\"228\">Equipe de Assessoria e Consultoria da \u00c1rea Social &#8211; SGP.52 da CMSP<\/td>\n<\/tr>\n<\/tbody>\n<\/table>\n<p><strong>DRE Penha:<\/strong> Aulas ministradas no <strong>CEU Tiquatira <\/strong>&#8211; Teatro Nelson Gon\u00e7alves: Av. Condessa Elisabeth Robiano, 270 &#8211; Penha<\/p>\n<table width=\"668\">\n<tbody>\n<tr>\n<td width=\"75\">Data<\/td>\n<td width=\"75\">Hora<\/td>\n<td width=\"262\">Tema<\/td>\n<td width=\"256\">Docente<\/td>\n<\/tr>\n<tr>\n<td width=\"75\"><strong>13\/04\/2015<\/strong><\/td>\n<td width=\"75\">19h-22h<\/td>\n<td width=\"262\"><em>Educa\u00e7\u00e3o para a Cidadania: estamos preparando nossas crian\u00e7as e jovens para serem cidad\u00e3os?<\/em><\/td>\n<td width=\"256\">Prof\u00aa Ms. Selma Rocha<\/td>\n<\/tr>\n<tr>\n<td width=\"75\"><strong>27\/04\/2015<\/strong><\/td>\n<td width=\"75\">19h-22h<\/td>\n<td width=\"262\"><em>A gest\u00e3o escolar e a participa\u00e7\u00e3o nos processos de tomada de decis\u00e3o: rela\u00e7\u00f5es de poder na escola<\/em><\/td>\n<td width=\"256\">Prof\u00aa Dr\u00aa Lisete Arelaro<\/td>\n<\/tr>\n<tr>\n<td width=\"75\"><strong>04\/05\/2015<\/strong><\/td>\n<td width=\"75\">19h-22h<\/td>\n<td width=\"262\"><em>O Conselho de Escola, a Associa\u00e7\u00e3o de Pais e Mestres e o Gr\u00eamio Estudantil como espa\u00e7os de exerc\u00edcio de cidadania participativa<\/em><\/td>\n<td width=\"256\">Prof. Ms. Eliseu Muniz<\/td>\n<\/tr>\n<tr>\n<td width=\"75\"><strong>11\/05\/2015<\/strong><\/td>\n<td width=\"75\">19h-22h<\/td>\n<td width=\"262\"><em>Hist\u00f3ria da C\u00e2mara Municipal com Visita ao Plen\u00e1rio<\/em><\/td>\n<td width=\"256\">Prof. Dr. Ubirajara de Farias Prestes Filho<\/td>\n<\/tr>\n<tr>\n<td width=\"75\"><strong>18\/05\/2015<\/strong><\/td>\n<td width=\"75\">19h-22h<\/td>\n<td width=\"262\"><em>Exerc\u00edcios de Cidadania Participativa e Poder Legislativo de nossa cidade<\/em><\/td>\n<td width=\"256\">Equipe de Assessoria e Consultoria da \u00c1rea Social &#8211; SGP.52 da CMSP<\/td>\n<\/tr>\n<\/tbody>\n<\/table>\n<p>&nbsp;<\/p>\n<p><strong>Bibliografia:<\/strong><\/p>\n<p>ARELARO, Lisete. O ensino fundamental no Brasil: avan\u00e7os, perplexidades e tend\u00eancias. Educa\u00e7\u00e3o e Sociedade. Campinas, vol. 26, n\u00ba2, p. 1039. Out. 2005. Dispon\u00edvel em &lt;http:\/\/www.cedes.unicamp.br&gt;<\/p>\n<p>BENEVIDES, Maria Vit\u00f3ria. <em>A Cidadania Ativa: referendo, plebiscito e iniciativa popular<\/em>. S\u00e3o Paulo, Editora \u00c1tica, 1991.<\/p>\n<p>LUCK, Helo\u00edsa &amp; Et alii. <em>A Escola Participativa: o trabalho do Gestor Escolar<\/em>. S\u00e3o Paulo: Vozes, 10 edi\u00e7\u00e3o.<\/p>\n<p>CISESKI, \u00c2ngela Antunes. <em>Aceita um Conselho? Teoria e pr\u00e1tica da gest\u00e3o participativa na escola p\u00fablica<\/em>. Disserta\u00e7\u00e3o de Mestrado. S\u00e3o Paulo: FEUSP, 1997.<\/p>\n<p>AGUIAR, R.C.L.; GR\u00c1CIO J. C. <em>Gr\u00eamio Estudantil: construindo novas rela\u00e7\u00f5es na escola<\/em>. In BASTOS, J. B. Gest\u00e3o Democr\u00e1tica. 3\u00aa edi\u00e7\u00e3o. Rio de Janeiro: 2002, p. 73-82.<\/p>\n<p><strong>Turmas Anteriores:<\/strong><\/p>\n<ul>\n<li>1a Turma (1S 2014):\n<ul>\n<li>DRE Capela do Socorro<\/li>\n<li>DRE Campo Limpo<\/li>\n<\/ul>\n<\/li>\n<li>2a Turma (2S 2014):\n<ul>\n<li>DRE Pirituba<\/li>\n<li>DRE Butant\u00e3<\/li>\n<li>DRE Freguesia do \u00d3<\/li>\n<li>DRE Ja\u00e7an\u00e3<\/li>\n<\/ul>\n<\/li>\n<\/ul>\n","protected":false},"excerpt":{"rendered":"<p>Curso na \u00e1rea da Educa\u00e7\u00e3o inserido no Programa de Capacita\u00e7\u00e3o de Agentes Pol\u00edticos e Comunit\u00e1rios e de Forma\u00e7\u00e3o para Cidadania da Escola do Parlamento da CMSP,\u00a0oferecido \u00e0s\u00a0Diretorias Regionais de Ensino &#8211; DREs do Ipiranga, Sto. Amaro, Itaquera e Penha, em parceria com a Secretaria Municipal de Educa\u00e7\u00e3o. Objetivos: Compreender a import\u00e2ncia do espa\u00e7o escolar como [&hellip;]<\/p>\n","protected":false},"author":79,"featured_media":0,"parent":1331,"menu_order":663,"comment_status":"open","ping_status":"open","template":"","meta":{"_acf_changed":false,"footnotes":""},"class_list":["post-835","page","type-page","status-publish","hentry"],"acf":[],"_links":{"self":[{"href":"https:\/\/homolog.saopaulo.sp.leg.br\/escoladoparlamento\/wp-json\/wp\/v2\/pages\/835","targetHints":{"allow":["GET"]}}],"collection":[{"href":"https:\/\/homolog.saopaulo.sp.leg.br\/escoladoparlamento\/wp-json\/wp\/v2\/pages"}],"about":[{"href":"https:\/\/homolog.saopaulo.sp.leg.br\/escoladoparlamento\/wp-json\/wp\/v2\/types\/page"}],"author":[{"embeddable":true,"href":"https:\/\/homolog.saopaulo.sp.leg.br\/escoladoparlamento\/wp-json\/wp\/v2\/users\/79"}],"replies":[{"embeddable":true,"href":"https:\/\/homolog.saopaulo.sp.leg.br\/escoladoparlamento\/wp-json\/wp\/v2\/comments?post=835"}],"version-history":[{"count":5,"href":"https:\/\/homolog.saopaulo.sp.leg.br\/escoladoparlamento\/wp-json\/wp\/v2\/pages\/835\/revisions"}],"predecessor-version":[{"id":7260,"href":"https:\/\/homolog.saopaulo.sp.leg.br\/escoladoparlamento\/wp-json\/wp\/v2\/pages\/835\/revisions\/7260"}],"up":[{"embeddable":true,"href":"https:\/\/homolog.saopaulo.sp.leg.br\/escoladoparlamento\/wp-json\/wp\/v2\/pages\/1331"}],"wp:attachment":[{"href":"https:\/\/homolog.saopaulo.sp.leg.br\/escoladoparlamento\/wp-json\/wp\/v2\/media?parent=835"}],"curies":[{"name":"wp","href":"https:\/\/api.w.org\/{rel}","templated":true}]}}