{"id":840,"date":"2015-07-01T17:25:28","date_gmt":"2015-07-01T20:25:28","guid":{"rendered":"http:\/\/homolog.saopaulo.sp.leg.br\/escoladoparlamento\/?page_id=840"},"modified":"2016-06-17T14:48:49","modified_gmt":"2016-06-17T17:48:49","slug":"educacao-e-cidadania-4a-turma","status":"publish","type":"page","link":"https:\/\/homolog.saopaulo.sp.leg.br\/escoladoparlamento\/cursos\/cursos-anteriores\/cursos-realizados-em-2015\/educacao-e-cidadania-4a-turma\/","title":{"rendered":"Educa\u00e7\u00e3o e Cidadania &#8211; 4\u00aa Turma"},"content":{"rendered":"<p><a href=\"http:\/\/homolog.saopaulo.sp.leg.br\/escoladoparlamento\/wp-content\/uploads\/sites\/5\/2015\/08\/EDUCA\u00c7\u00c3O.jpg\"><img loading=\"lazy\" decoding=\"async\" class=\"size-large wp-image-1782 aligncenter\" src=\"http:\/\/homolog.saopaulo.sp.leg.br\/escoladoparlamento\/wp-content\/uploads\/sites\/5\/2015\/08\/EDUCA\u00c7\u00c3O-1024x436.jpg\" alt=\"EDUCA\u00c7\u00c3O\" width=\"640\" height=\"273\" srcset=\"https:\/\/homolog.saopaulo.sp.leg.br\/escoladoparlamento\/wp-content\/uploads\/sites\/5\/2015\/08\/EDUCA\u00c7\u00c3O-1024x436.jpg 1024w, https:\/\/homolog.saopaulo.sp.leg.br\/escoladoparlamento\/wp-content\/uploads\/sites\/5\/2015\/08\/EDUCA\u00c7\u00c3O-300x128.jpg 300w\" sizes=\"auto, (max-width: 640px) 100vw, 640px\" \/><\/a><\/p>\n<p><iframe loading=\"lazy\" title=\"Hist\u00f3ria da C\u00e2mara \u00e9 contada a educadores da rede municipal\" width=\"640\" height=\"480\" src=\"https:\/\/www.youtube.com\/embed\/N0S10frz-jc?feature=oembed\" frameborder=\"0\" allow=\"accelerometer; autoplay; clipboard-write; encrypted-media; gyroscope; picture-in-picture; web-share\" referrerpolicy=\"strict-origin-when-cross-origin\" allowfullscreen><\/iframe><\/p>\n<p>Formul\u00e1rios de Avalia\u00e7\u00e3o para os participantes:<\/p>\n<ul>\n<li><a href=\"http:\/\/homolog.saopaulo.sp.leg.br\/escoladoparlamento\/wp-content\/uploads\/sites\/5\/2015\/07\/Avalia\u00e7\u00e3o-Curso-Educa\u00e7\u00e3o-e-Cidadania-2015.docx\">Avalia\u00e7\u00e3o &#8211; Curso Educa\u00e7\u00e3o e Cidadania\u00a02015<\/a><\/li>\n<li><a href=\"http:\/\/homolog.saopaulo.sp.leg.br\/escoladoparlamento\/wp-content\/uploads\/sites\/5\/2015\/07\/Exerc\u00edcio-de-Participa\u00e7\u00e3o-Cidad\u00e3-na-Escola.docx\">Exerc\u00edcio de Participa\u00e7\u00e3o Cidad\u00e3 na Escola<\/a><\/li>\n<\/ul>\n<p>Curso na \u00e1rea da Educa\u00e7\u00e3o inserido no Programa de Capacita\u00e7\u00e3o de Agentes Pol\u00edticos e Comunit\u00e1rios e de Forma\u00e7\u00e3o para Cidadania da Escola do Parlamento da CMSP,\u00a0oferecido \u00e0s\u00a0<strong>Diretorias Regionais de Ensino &#8211; DREs de Guaianazes, S. Mateus e S. Miguel<\/strong> em parceria com a Secretaria Municipal de Educa\u00e7\u00e3o &#8211; SME.<\/p>\n<p><strong>Objetivos: <\/strong>Compreender a import\u00e2ncia do espa\u00e7o escolar como espa\u00e7o de forma\u00e7\u00e3o do cidad\u00e3o participativo bem como a relev\u00e2ncia do papel dos educadores na promo\u00e7\u00e3o do exerc\u00edcio democr\u00e1tico de participa\u00e7\u00e3o; Identificar formas de gest\u00e3o escolar promotoras da participa\u00e7\u00e3o da comunidade no processo de tomada de decis\u00f5es; Reconhecer o Conselho de Escola e a Associa\u00e7\u00e3o de Pais e Mestres como espa\u00e7os poss\u00edveis de exerc\u00edcio de cidadania participativa; Elaborar atividades interdisciplinares que possibilitem \u00e0 crian\u00e7a, ao jovem e ao adulto diferentes exerc\u00edcios de participa\u00e7\u00e3o no espa\u00e7o escolar; Identificar como os exerc\u00edcios de participa\u00e7\u00e3o promovidos no espa\u00e7o escolar podem preparar a compreens\u00e3o da import\u00e2ncia do poder legislativo de crian\u00e7as, jovens e adultos; Compreender a import\u00e2ncia do Poder Legislativo para o exerc\u00edcio da Cidadania<\/p>\n<p><strong>P\u00fablico Alvo:\u00a0<\/strong>Educadores da Rede Municipal de Ensino de S\u00e3o Paulo<\/p>\n<p><strong>Vagas: <\/strong>100 \u2013 para cada DRE<\/p>\n<p><strong>Carga Hor\u00e1ria: <\/strong>24h<\/p>\n<p><strong>Coordenador:<\/strong> S\u00edlvia Aparecida Santos de Carvalho<\/p>\n<p><strong>Diretor Respons\u00e1vel:<\/strong> Leonardo Barbagallo<\/p>\n<p><strong>Certifica\u00e7\u00e3o: <\/strong>Elaborada pela SME e assinada por SME e pela Escola do Parlamento, para os matriculados com\u00a0 pelo menos <strong>83% de presen\u00e7a<\/strong> (aferida por SME) e <strong>apresenta\u00e7\u00e3o de trabalho escrito<\/strong> a ser validado pela Coordena\u00e7\u00e3o do Curso.<\/p>\n<h3><\/h3>\n<h3><strong>Programa\u00e7\u00e3o:<\/strong><\/h3>\n<p>A abertura e a 5\u00aa aulas s\u00e3o encontros unificados com\u00a0todas as DREs.<\/p>\n<table width=\"913\">\n<tbody>\n<tr>\n<td width=\"128\">Data<\/td>\n<td width=\"128\">Hora<\/td>\n<td width=\"279\">Tema<\/td>\n<td width=\"378\">Docente<\/td>\n<\/tr>\n<tr>\n<td><strong>02\/09\/2015<\/strong><\/td>\n<td>19h-22h<\/td>\n<td width=\"279\"><em>Aula de Abertura: O que \u00e9 ser cidad\u00e3o, hoje, em nosso Pa\u00eds?<\/em><\/td>\n<td>Prof\u00aa Dr\u00aa Maria Vict\u00f3ria Benevides<\/td>\n<\/tr>\n<tr>\n<td><strong>30\/09\/2015<\/strong><\/td>\n<td>19h-22h<\/td>\n<td><em>Hist\u00f3ria da c\u00e2mara Municipal com Visita ao Plen\u00e1rio<\/em><\/td>\n<td>Prof. Dr. Ubirajara de Farias Prestes Filho<\/td>\n<\/tr>\n<\/tbody>\n<\/table>\n<p><strong>Local:<\/strong> C\u00e2mara Municipal de S\u00e3o Paulo. Sala a determinar.<\/p>\n<p>&nbsp;<\/p>\n<p><strong>DRE Guaianazes:<\/strong> Local a definir.<\/p>\n<table width=\"690\">\n<tbody>\n<tr>\n<td width=\"75\">Data<\/td>\n<td width=\"86\">Hora<\/td>\n<td width=\"301\">Tema<\/td>\n<td width=\"228\">Docente<\/td>\n<\/tr>\n<tr>\n<td width=\"75\"><strong>08\/09\/2015<\/strong><\/td>\n<td width=\"86\">19h-22h<\/td>\n<td width=\"301\"><em>Educa\u00e7\u00e3o para a Cidadania: estamos preparando nossas crian\u00e7as e jovens para serem cidad\u00e3os?<\/em><\/td>\n<td width=\"228\">Prof\u00aa Ms. Selma Rocha<\/td>\n<\/tr>\n<tr>\n<td width=\"75\"><strong>15\/09\/2015<\/strong><\/td>\n<td width=\"86\">19h-22h<\/td>\n<td width=\"301\"><em>A gest\u00e3o escolar e a participa\u00e7\u00e3o nos processos de tomada de decis\u00e3o: rela\u00e7\u00f5es de poder na escola<\/em><\/td>\n<td width=\"228\">Prof\u00aa Dr\u00aa Magali Aparecida Silvestre<\/td>\n<\/tr>\n<tr>\n<td width=\"75\"><strong>22\/09\/2015<\/strong><\/td>\n<td width=\"86\">19h-22h<\/td>\n<td width=\"301\"><em>O Conselho de Escola, a Associa\u00e7\u00e3o de Pais e Mestres e o Gr\u00eamio Estudantil como espa\u00e7os de exerc\u00edcio de cidadania participativa<\/em><\/td>\n<td width=\"228\">Prof. Ms. Eliseu Muniz<\/td>\n<\/tr>\n<tr>\n<td width=\"75\"><strong>06\/10\/2015<\/strong><\/td>\n<td width=\"86\">19h-22h<\/td>\n<td width=\"301\"><em>Exerc\u00edcios de Cidadania Participativa e Poder Legislativo de nossa cidade<\/em><\/td>\n<td width=\"228\">Equipe de Assessoria e Consultoria da \u00c1rea Social &#8211; SGP.52 da CMSP<\/td>\n<\/tr>\n<\/tbody>\n<\/table>\n<p>&nbsp;<\/p>\n<p><strong>DRE S. Mateus:<\/strong> Local a definir.<\/p>\n<table width=\"690\">\n<tbody>\n<tr>\n<td width=\"75\">Data<\/td>\n<td width=\"86\">Hora<\/td>\n<td width=\"301\">Tema<\/td>\n<td width=\"228\">Docente<\/td>\n<\/tr>\n<tr>\n<td width=\"75\"><strong>09\/09\/2015<\/strong><\/td>\n<td width=\"86\">19h-22h<\/td>\n<td width=\"301\"><em>Educa\u00e7\u00e3o para a Cidadania: estamos preparando nossas crian\u00e7as e jovens para serem cidad\u00e3os?<\/em><\/td>\n<td width=\"228\">Prof\u00aa Ms. Selma Rocha<\/td>\n<\/tr>\n<tr>\n<td width=\"75\"><strong>16\/09\/2015<\/strong><\/td>\n<td width=\"86\">19h-22h<\/td>\n<td width=\"301\"><em>A gest\u00e3o escolar e a participa\u00e7\u00e3o nos processos de tomada de decis\u00e3o: rela\u00e7\u00f5es de poder na escola<\/em><\/td>\n<td width=\"228\">Prof\u00aa Dr\u00aa Magali Aparecida Silvestre<\/td>\n<\/tr>\n<tr>\n<td width=\"75\"><strong>23\/09\/2015<\/strong><\/td>\n<td width=\"86\">19h-22h<\/td>\n<td width=\"301\"><em>O Conselho de Escola, a Associa\u00e7\u00e3o de Pais e Mestres e o Gr\u00eamio Estudantil como espa\u00e7os de exerc\u00edcio de cidadania participativa<\/em><\/td>\n<td width=\"228\">Prof. Ms. Eliseu Muniz<\/td>\n<\/tr>\n<tr>\n<td width=\"75\"><strong>07\/10\/2015<\/strong><\/td>\n<td width=\"86\">19h-22h<\/td>\n<td width=\"301\"><em>Exerc\u00edcios de Cidadania Participativa e Poder Legislativo de nossa cidade<\/em><\/td>\n<td width=\"228\">Equipe de Assessoria e Consultoria da \u00c1rea Social &#8211; SGP.52 da CMSP<\/td>\n<\/tr>\n<\/tbody>\n<\/table>\n<p>&nbsp;<\/p>\n<p><strong>DRE S. Miguel:<\/strong> Local a definir.<\/p>\n<table width=\"690\">\n<tbody>\n<tr>\n<td width=\"75\">Data<\/td>\n<td width=\"86\">Hora<\/td>\n<td width=\"301\">Tema<\/td>\n<td width=\"228\">Docente<\/td>\n<\/tr>\n<tr>\n<td width=\"75\"><strong>10\/09\/2015<\/strong><\/td>\n<td width=\"86\">19h-22h<\/td>\n<td width=\"301\"><em>Educa\u00e7\u00e3o para a Cidadania: estamos preparando nossas crian\u00e7as e jovens para serem cidad\u00e3os?<\/em><\/td>\n<td width=\"228\">Prof\u00aa Ms. Selma Rocha<\/td>\n<\/tr>\n<tr>\n<td width=\"75\"><strong>17\/09\/2015<\/strong><\/td>\n<td width=\"86\">19h-22h<\/td>\n<td width=\"301\"><em>A gest\u00e3o escolar e a participa\u00e7\u00e3o nos processos de tomada de decis\u00e3o: rela\u00e7\u00f5es de poder na escola<\/em><\/td>\n<td width=\"228\">Prof\u00aa Dr\u00aa Magali Aparecida Silvestre<\/td>\n<\/tr>\n<tr>\n<td width=\"75\"><strong>24\/09\/2015<\/strong><\/td>\n<td width=\"86\">19h-22h<\/td>\n<td width=\"301\"><em>O Conselho de Escola, a Associa\u00e7\u00e3o de Pais e Mestres e o Gr\u00eamio Estudantil como espa\u00e7os de exerc\u00edcio de cidadania participativa<\/em><\/td>\n<td width=\"228\">Prof. Ms. Eliseu Muniz<\/td>\n<\/tr>\n<tr>\n<td width=\"75\"><strong>08\/10\/2015<\/strong><\/td>\n<td width=\"86\">19h-22h<\/td>\n<td width=\"301\"><em>Exerc\u00edcios de Cidadania Participativa e Poder Legislativo de nossa cidade<\/em><\/td>\n<td width=\"228\">Equipe de Assessoria e Consultoria da \u00c1rea Social &#8211; SGP.52 da CMSP<\/td>\n<\/tr>\n<\/tbody>\n<\/table>\n<p>&nbsp;<\/p>\n<h3><strong>Bibliografia:<\/strong><\/h3>\n<p>ARELARO, Lisete. O ensino fundamental no Brasil: avan\u00e7os, perplexidades e tend\u00eancias. Educa\u00e7\u00e3o e Sociedade. Campinas, vol. 26, n\u00ba2, p. 1039. Out. 2005. Dispon\u00edvel em &lt;http:\/\/www.cedes.unicamp.br&gt;<\/p>\n<p>BENEVIDES, Maria Vit\u00f3ria. <em>A Cidadania Ativa: referendo, plebiscito e iniciativa popular<\/em>. S\u00e3o Paulo, Editora \u00c1tica, 1991.<\/p>\n<p>LUCK, Helo\u00edsa &amp; Et alii. <em>A Escola Participativa: o trabalho do Gestor Escolar<\/em>. S\u00e3o Paulo: Vozes, 10 edi\u00e7\u00e3o.<\/p>\n<p>CISESKI, \u00c2ngela Antunes. <em>Aceita um Conselho? Teoria e pr\u00e1tica da gest\u00e3o participativa na escola p\u00fablica<\/em>. Disserta\u00e7\u00e3o de Mestrado. S\u00e3o Paulo: FEUSP, 1997.<\/p>\n<p>AGUIAR, R.C.L.; GR\u00c1CIO J. C. <em>Gr\u00eamio Estudantil: construindo novas rela\u00e7\u00f5es na escola<\/em>. In BASTOS, J. B. Gest\u00e3o Democr\u00e1tica. 3\u00aa edi\u00e7\u00e3o. Rio de Janeiro: 2002, p. 73-82.<\/p>\n<p>&nbsp;<\/p>\n<h3><strong>Turmas Anteriores:<\/strong><\/h3>\n<ul>\n<li>1a Turma (1S 2014):\n<ul>\n<li>DRE Capela do Socorro<\/li>\n<li>DRE Campo Limpo<\/li>\n<\/ul>\n<\/li>\n<li>2a Turma (2S 2014):\n<ul>\n<li>DRE Pirituba<\/li>\n<li>DRE Butant\u00e3<\/li>\n<li>DRE Freguesia do \u00d3<\/li>\n<li>DRE Ja\u00e7an\u00e3<\/li>\n<\/ul>\n<\/li>\n<\/ul>\n<ul>\n<li>3a Turma (1s 2015):\n<ul>\n<li>DRE Itaquera<\/li>\n<li>DRE Penha<\/li>\n<li>DRE Sto. Amaro<\/li>\n<li>DRE Ipiranga<\/li>\n<\/ul>\n<\/li>\n<\/ul>\n","protected":false},"excerpt":{"rendered":"<p>Formul\u00e1rios de Avalia\u00e7\u00e3o para os participantes: Avalia\u00e7\u00e3o &#8211; Curso Educa\u00e7\u00e3o e Cidadania\u00a02015 Exerc\u00edcio de Participa\u00e7\u00e3o Cidad\u00e3 na Escola Curso na \u00e1rea da Educa\u00e7\u00e3o inserido no Programa de Capacita\u00e7\u00e3o de Agentes Pol\u00edticos e Comunit\u00e1rios e de Forma\u00e7\u00e3o para Cidadania da Escola do Parlamento da CMSP,\u00a0oferecido \u00e0s\u00a0Diretorias Regionais de Ensino &#8211; DREs de Guaianazes, S. Mateus e [&hellip;]<\/p>\n","protected":false},"author":79,"featured_media":0,"parent":1331,"menu_order":658,"comment_status":"open","ping_status":"open","template":"","meta":{"_acf_changed":false,"footnotes":""},"class_list":["post-840","page","type-page","status-publish","hentry"],"acf":[],"_links":{"self":[{"href":"https:\/\/homolog.saopaulo.sp.leg.br\/escoladoparlamento\/wp-json\/wp\/v2\/pages\/840","targetHints":{"allow":["GET"]}}],"collection":[{"href":"https:\/\/homolog.saopaulo.sp.leg.br\/escoladoparlamento\/wp-json\/wp\/v2\/pages"}],"about":[{"href":"https:\/\/homolog.saopaulo.sp.leg.br\/escoladoparlamento\/wp-json\/wp\/v2\/types\/page"}],"author":[{"embeddable":true,"href":"https:\/\/homolog.saopaulo.sp.leg.br\/escoladoparlamento\/wp-json\/wp\/v2\/users\/79"}],"replies":[{"embeddable":true,"href":"https:\/\/homolog.saopaulo.sp.leg.br\/escoladoparlamento\/wp-json\/wp\/v2\/comments?post=840"}],"version-history":[{"count":5,"href":"https:\/\/homolog.saopaulo.sp.leg.br\/escoladoparlamento\/wp-json\/wp\/v2\/pages\/840\/revisions"}],"predecessor-version":[{"id":4361,"href":"https:\/\/homolog.saopaulo.sp.leg.br\/escoladoparlamento\/wp-json\/wp\/v2\/pages\/840\/revisions\/4361"}],"up":[{"embeddable":true,"href":"https:\/\/homolog.saopaulo.sp.leg.br\/escoladoparlamento\/wp-json\/wp\/v2\/pages\/1331"}],"wp:attachment":[{"href":"https:\/\/homolog.saopaulo.sp.leg.br\/escoladoparlamento\/wp-json\/wp\/v2\/media?parent=840"}],"curies":[{"name":"wp","href":"https:\/\/api.w.org\/{rel}","templated":true}]}}