{"id":11,"date":"2021-04-19T14:46:39","date_gmt":"2021-04-19T17:46:39","guid":{"rendered":"https:\/\/homolog.saopaulo.sp.leg.br\/contraafome\/?page_id=11"},"modified":"2021-04-30T15:08:57","modified_gmt":"2021-04-30T18:08:57","slug":"o-que-e-a-frente-parlamentar","status":"publish","type":"page","link":"https:\/\/homolog.saopaulo.sp.leg.br\/frentecontrafome\/o-que-e-a-frente-parlamentar\/","title":{"rendered":"O que \u00e9?"},"content":{"rendered":"<h2>O que \u00e9 a Frente Parlamentar Contra a Fome da C\u00e2mara Municipal<\/h2>\n<p>Lan\u00e7ada em 25 de mar\u00e7o de 2021\u00a0por meio do\u00a0PR (Projeto de Resolu\u00e7\u00e3o)<strong><a href=\"https:\/\/splegisconsulta.\/Pesquisa\/DetailsDetalhado?COD_MTRA_LEGL=3&amp;COD_PCSS_CMSP=9&amp;ANO_PCSS_CMSP=2021\" target=\"_blank\" rel=\"noopener\"> 09\/2021<\/a><\/strong>, e promulgada como Resolu\u00e7\u00e3o <strong><a href=\"http:\/\/documentacao.\/iah\/fulltext\/resolucoescmsp\/RC321.pdf\" target=\"_blank\" rel=\"noopener\">03\/2021<\/a><\/strong>, a Frente Parlamentar Contra a Fome da C\u00e2mara Municipal de S\u00e3o Paulo surgiu em meio \u00e0 crise ocasionada pela pandemia de Covid-19, com o objetivo de fomentar pol\u00edticas p\u00fablicas de garantia \u00e0 alimenta\u00e7\u00e3o adequada para mun\u00edcipes.<\/p>\n<p>A situa\u00e7\u00e3o da fome e inseguran\u00e7a alimentar foi agravada nos \u00faltimos meses, como mostrou a pesquisa \u201c<a href=\"https:\/\/www.nossasaopaulo.org.br\/wp-content\/uploads\/2021\/02\/ViverEmSP-TrabalhoeRenda-2021-completa.pdf\" target=\"_blank\" rel=\"noopener\">Viver em S\u00e3o Paulo: Trabalho e Renda 2021<\/a>\u201d da Rede Nossa S\u00e3o Paulo, que revelou que 43% dos paulistanos tiveram diminui\u00e7\u00e3o de renda de 2020 para 2021. Para metade dos entrevistados, a alimenta\u00e7\u00e3o foi o item que sofreu maior impacto no or\u00e7amento dom\u00e9stico, ficando atr\u00e1s de aluguel\/moradia e sa\u00fade.<\/p>\n<p>Iniciativa das vereadoras <a href=\"https:\/\/homolog.saopaulo.sp.leg.br\/vereador\/janaina-lima\/\" target=\"_blank\" rel=\"noopener\">Jana\u00edna Lima (NOVO)<\/a> e <a href=\"https:\/\/homolog.saopaulo.sp.leg.br\/vereador\/cris-monteiro\/\" target=\"_blank\" rel=\"noopener\">Cris Monteiro (NOVO)<\/a>, a Frente Parlamentar Contra a Fome conta com a coautoria dos outros 53 vereadores, que juntos criar\u00e3o um plano de a\u00e7\u00e3o para conduzir e agilizar doa\u00e7\u00f5es de alimentos para a popula\u00e7\u00e3o em maior situa\u00e7\u00e3o de vulnerabilidade social na cidade.<\/p>\n<div style=\"padding: 15px 40px 40px 40px;background: #2c0d48\">\n<h3>O que \u00e9 uma Frente Parlamentar<\/h3>\n<p>S\u00e3o grupos suprapartid\u00e1rios voltados ao debate e aprimoramento da legisla\u00e7\u00e3o e de pol\u00edticas p\u00fablicas no \u00e2mbito de sua compet\u00eancia, que atuam conjuntamente com a sociedade civil e outros \u00f3rg\u00e3os p\u00fablicos.<\/p>\n<p>T\u00eam tratamento aut\u00f4nomo em rela\u00e7\u00e3o a qualquer Comiss\u00e3o Permanente ou Tempor\u00e1ria. Atuam dentro ou fora das depend\u00eancias da C\u00e2mara Municipal, de acordo com seu prop\u00f3sito.\n<\/p><\/div>\n","protected":false},"excerpt":{"rendered":"<p>O que \u00e9 a Frente Parlamentar Contra a Fome da C\u00e2mara Municipal Lan\u00e7ada em 25 de mar\u00e7o de 2021\u00a0por meio do\u00a0PR (Projeto de Resolu\u00e7\u00e3o) 09\/2021, e promulgada como Resolu\u00e7\u00e3o 03\/2021, a Frente Parlamentar Contra a Fome da C\u00e2mara Municipal de S\u00e3o Paulo surgiu em meio \u00e0 crise ocasionada pela pandemia de Covid-19, com o objetivo&#8230;  <a class=\"excerpt-read-more\" href=\"https:\/\/homolog.saopaulo.sp.leg.br\/frentecontrafome\/o-que-e-a-frente-parlamentar\/\" title=\"Leia O que \u00e9?\">Leia Mais &raquo;<\/a><\/p>\n","protected":false},"author":733,"featured_media":0,"parent":0,"menu_order":0,"comment_status":"closed","ping_status":"closed","template":"","meta":{"_acf_changed":false,"footnotes":""},"class_list":["post-11","page","type-page","status-publish","hentry"],"acf":[],"_links":{"self":[{"href":"https:\/\/homolog.saopaulo.sp.leg.br\/frentecontrafome\/wp-json\/wp\/v2\/pages\/11","targetHints":{"allow":["GET"]}}],"collection":[{"href":"https:\/\/homolog.saopaulo.sp.leg.br\/frentecontrafome\/wp-json\/wp\/v2\/pages"}],"about":[{"href":"https:\/\/homolog.saopaulo.sp.leg.br\/frentecontrafome\/wp-json\/wp\/v2\/types\/page"}],"author":[{"embeddable":true,"href":"https:\/\/homolog.saopaulo.sp.leg.br\/frentecontrafome\/wp-json\/wp\/v2\/users\/733"}],"replies":[{"embeddable":true,"href":"https:\/\/homolog.saopaulo.sp.leg.br\/frentecontrafome\/wp-json\/wp\/v2\/comments?post=11"}],"version-history":[{"count":5,"href":"https:\/\/homolog.saopaulo.sp.leg.br\/frentecontrafome\/wp-json\/wp\/v2\/pages\/11\/revisions"}],"predecessor-version":[{"id":282,"href":"https:\/\/homolog.saopaulo.sp.leg.br\/frentecontrafome\/wp-json\/wp\/v2\/pages\/11\/revisions\/282"}],"wp:attachment":[{"href":"https:\/\/homolog.saopaulo.sp.leg.br\/frentecontrafome\/wp-json\/wp\/v2\/media?parent=11"}],"curies":[{"name":"wp","href":"https:\/\/api.w.org\/{rel}","templated":true}]}}