{"id":12,"date":"2014-05-16T15:59:54","date_gmt":"2014-05-16T15:59:54","guid":{"rendered":"http:\/\/homolog.saopaulo.sp.leg.br\/hackdays\/?page_id=10"},"modified":"2015-09-09T17:11:18","modified_gmt":"2015-09-09T17:11:18","slug":"regulamento","status":"publish","type":"page","link":"https:\/\/homolog.saopaulo.sp.leg.br\/hackdays\/regulamento\/","title":{"rendered":"Regulamento"},"content":{"rendered":"<h1 class=\"h3\"><strong>HACKDAYS<\/strong> NA C\u00c2MARA DE S\u00c3O PAULO<\/h1>\n<h2 class=\"h3\">1. <strong>Condi\u00e7\u00f5es<\/strong> gerais<\/h2>\n<p>1.1.\tA Hackdays da C\u00e2mara Municipal de S\u00e3o Paulo ser\u00e1 realizada nos dias 6, 7 e 8 de junho de 2014, em hor\u00e1rios especificados neste documento.<\/p>\n<p>1.2.\tO concurso \u00e9 aberto para desenvolvedores de aplicativos de software, livremente organizados em equipes ou individualmente, identificadas atrav\u00e9s da p\u00e1gina de inscri\u00e7\u00e3o do evento, conforme item 2.1.<\/p>\n<p>1.2.1.\t  Poder\u00e3o ser formadas equipes de duas ou mais pessoas at\u00e9 o limite de cinco membros.<\/p>\n<p>1.2.2.\t  \u00c9 permitida a inscri\u00e7\u00e3o e participa\u00e7\u00e3o no concurso de profissionais de outras \u00e1reas desde que na condi\u00e7\u00e3o de observadores ou integrantes de equipe que tenha pelo menos um programador.<\/p>\n<p>1.3.\t\u00c9 vetada a participa\u00e7\u00e3o de membros das entidades integrantes da Comiss\u00e3o Julgadora, a saber, C\u00e2mara Municipal de S\u00e3o Paulo, Open Knowledge Foundation e W3C Brasil.<\/p>\n<p>1.4.\tS\u00e3o considerados v\u00e1lidos aplicativos Web utilizados atrav\u00e9s de um navegador ou de um dispositivo m\u00f3vel e desenvolvidos com o emprego de s\u00e9ries de dados publicados pela C\u00e2mara Municipal de S\u00e3o Paulo em formato aberto em seu Portal, sendo permitido o emprego de dados e outros recursos disponibilizados por outros \u00f3rg\u00e3os p\u00fablicos, desde que citada a fonte.<\/p>\n<p>1.4.1.\tCaso os dados p\u00fablicos no Portal da C\u00e2mara n\u00e3o estiverem em formato aberto, a extra\u00e7\u00e3o e uso dos dados dispon\u00edveis para a constru\u00e7\u00e3o dos aplicativos ser\u00e1 permitida.<\/p>\n<h2 class=\"h3\">2. <strong>Inscri\u00e7\u00f5es<\/strong><\/h2>\n<p>2.1.\tAs inscri\u00e7\u00f5es devem ser feitas antecipadamente utilizando-se a p\u00e1gina de inscri\u00e7\u00e3o encontrada no endere\u00e7o http:\/\/homolog.saopaulo.sp.leg.br\/hackdays no per\u00edodo de 29 de maio a partir das 19h at\u00e9 as 18h00 do dia 5 de junho de 2014.<\/p>\n<h2 class=\"h3\">3. Fase <strong>Presencial<\/strong><\/h2>\n<p>3.1.\tDefini\u00e7\u00e3o das propostas: no per\u00edodo de 14h de 6 de junho de 2014 at\u00e9 16h de 8 de junho de 2014, as equipes devem comparecer ao Plen\u00e1rio Primeiro de Maio, no 1\u00ba andar do Pal\u00e1cio Anchieta, sede da CMSP e permanecer ali o tempo necess\u00e1rio para analisar e mapear os dados abertos da CMSP, questionar os respons\u00e1veis quanto aos metadados, apresentar solicita\u00e7\u00f5es de reorganiza\u00e7\u00e3o de dados que justificadamente visem o melhor entendimento dos dados e, finalmente, apresentar as propostas de aplicativos, devendo para isso indicar o link para o reposit\u00f3rio utilizado para o desenvolvimento.<\/p>\n<p>3.1.1.\t  Reposit\u00f3rio para controle de vers\u00e3o: O reposit\u00f3rio a ser usado pela equipe durante a segunda fase da competi\u00e7\u00e3o (item 4), que se inicia no encerramento do acampamento na CMSP, dia 8 de junho de 2014, e termina \u00e0s 18h do dia 11 de junho, dever\u00e1 ser fornecido aos organizadores antes do t\u00e9rmino das primeiras 48 horas. Poder\u00e3o ser usados o Git, Mercurial ou Subversion para o controle de vers\u00e3o, desde que estejam num reposit\u00f3rio de livre acesso para qualquer um acompanhar o desenvolvimento do aplicativo.<\/p>\n<p>3.2.\tAtendimento de solicita\u00e7\u00f5es: os respons\u00e1veis pelos dados da C\u00e2mara atualizar\u00e3o as informa\u00e7\u00f5es de metadados em atendimento \u00e0s solicita\u00e7\u00f5es formuladas pelas equipes que forem aceitas na Fase Presencial, at\u00e9 \u00e0s 12h do dia 7 de junho de 2014.<\/p>\n<h2 class=\"h3\">4. Desenvolvimento e Finaliza\u00e7\u00e3o de <strong>Aplicativos<\/strong><\/h2>\n<p>4.1.\tElabora\u00e7\u00e3o dos aplicativos para julgamento: at\u00e9 \u00e0s 18h do dia 11 de junho de 2014 as equipes dever\u00e3o concluir os aplicativos e apresentar o link do reposit\u00f3rio em que esteja trabalhando indicando a \u00faltima vers\u00e3o em car\u00e1ter plenamente funcional, um site com o aplicativo em funcionamento, bem como a documenta\u00e7\u00e3o t\u00e9cnica correspondente para a avalia\u00e7\u00e3o da comiss\u00e3o julgadora.<\/p>\n<p>4.2.\tDocumenta\u00e7\u00e3o: A documenta\u00e7\u00e3o t\u00e9cnica apresentada deve incluir todo o c\u00f3digo-fonte produzido e instru\u00e7\u00f5es de uso do aplicativo, bem como a indica\u00e7\u00e3o dos conjuntos de softwares j\u00e1 existentes utilizados e depend\u00eancias do aplicativo.<\/p>\n<h2 class=\"h3\">5. <strong>Julgamento<\/strong> e Premia\u00e7\u00e3o<\/h2>\n<p>5.1.\tVota\u00e7\u00e3o popular: os links para uso dos aplicativos ser\u00e3o publicados na p\u00e1gina do evento para conhecimento dos cidad\u00e3os que queiram manifestar seus votos na melhor aplica\u00e7\u00e3o Web, no per\u00edodo de 15 de junho a 15 de julho de 2014. O voto popular corresponder\u00e1 a 25% da avalia\u00e7\u00e3o dos aplicativos Web.<\/p>\n<p>5.2.\tComiss\u00e3o julgadora: A comiss\u00e3o julgadora ser\u00e1 composta por dois representantes da C\u00e2mara Municipal de S\u00e3o Paulo, dois da Open Knowledge Foundation Brasil (OKFn Brasil) e dois da W3C Brasil.<\/p>\n<p>5.3.\tAvalia\u00e7\u00e3o da comiss\u00e3o julgadora: os membros da comiss\u00e3o julgadora dever\u00e3o se reunir no per\u00edodo de 1 de julho at\u00e9 16 de julho para avaliarem os aplicativos produzidos e, considerada a vota\u00e7\u00e3o popular, definirem a classifica\u00e7\u00e3o das equipes.<\/p>\n<p>5.4.\tQuesitos: Os quesitos avaliados pela comiss\u00e3o julgadora ser\u00e3o, pela ordem de import\u00e2ncia: grau de utilidade p\u00fablica, praticidade de uso, criatividade da solu\u00e7\u00e3o, qualidade da documenta\u00e7\u00e3o, mobilidade, e custo de manuten\u00e7\u00e3o.<\/p>\n<p>5.5.\tDivulga\u00e7\u00e3o dos resultados: A classifica\u00e7\u00e3o final ser\u00e1 divulgada no Portal da C\u00e2mara no dia 17 de julho de 2014.<\/p>\n<h2 class=\"h3\">6. Regime e <strong>Licenciamento<\/strong><\/h2>\n<p>6.1.\tOs aplicativos Web desenvolvidos ter\u00e3o regime de licenciamento livre e v\u00e3o ficar dispon\u00edveis para uso de todos os usu\u00e1rios do Portal da C\u00e2mara e da pr\u00f3pria CMSP.<\/p>\n<p>6.2.\tAo tr\u00eas primeiros classificados ser\u00e1 oferecido banner na homepage do Portal da C\u00e2mara para o local de hospedagem do aplicativo, por pelo menos 3 meses.<\/p>\n<h2 class=\"h3\">7. Considera\u00e7\u00f5es <strong>Finais<\/strong><\/h2>\n<p>7.1.\tTodos os participantes inscritos neste concurso declaram ter lido e estarem de acordo com todas as regras e observa\u00e7\u00f5es descritas neste termo.<\/p>\n<p>7.2.\tEste concurso tem como objetivo o desenvolvimento de aplicativos que incentivem o uso de dados p\u00fablicos em formato aberto, em conformidade com o esp\u00edrito da Lei de Acesso \u00e0 Informa\u00e7\u00e3o, lei federal n\u00ba 12.527 de 18 de novembro de 2011 e visa assegurar o direito fundamental de acesso \u00e0 informa\u00e7\u00e3o segundo as diretrizes de desenvolvimento da cultura de transpar\u00eancia e do controle social da administra\u00e7\u00e3o p\u00fablica.<\/p>\n","protected":false},"excerpt":{"rendered":"<p>HACKDAYS NA C\u00c2MARA DE S\u00c3O PAULO 1. Condi\u00e7\u00f5es gerais 1.1. A Hackdays da C\u00e2mara Municipal de S\u00e3o Paulo ser\u00e1 realizada nos dias 6, 7 e 8 de junho de 2014, em hor\u00e1rios especificados neste documento. 1.2. O concurso \u00e9 aberto para desenvolvedores de aplicativos de software, livremente organizados em equipes ou individualmente, identificadas atrav\u00e9s da&#8230;  <a class=\"excerpt-read-more\" href=\"https:\/\/homolog.saopaulo.sp.leg.br\/hackdays\/regulamento\/\" title=\"Read Regulamento\">Ler mais &raquo;<\/a><\/p>\n","protected":false},"author":169,"featured_media":0,"parent":0,"menu_order":0,"comment_status":"open","ping_status":"open","template":"","meta":{"footnotes":""},"class_list":["post-12","page","type-page","status-publish","hentry"],"_links":{"self":[{"href":"https:\/\/homolog.saopaulo.sp.leg.br\/hackdays\/wp-json\/wp\/v2\/pages\/12","targetHints":{"allow":["GET"]}}],"collection":[{"href":"https:\/\/homolog.saopaulo.sp.leg.br\/hackdays\/wp-json\/wp\/v2\/pages"}],"about":[{"href":"https:\/\/homolog.saopaulo.sp.leg.br\/hackdays\/wp-json\/wp\/v2\/types\/page"}],"author":[{"embeddable":true,"href":"https:\/\/homolog.saopaulo.sp.leg.br\/hackdays\/wp-json\/wp\/v2\/users\/169"}],"replies":[{"embeddable":true,"href":"https:\/\/homolog.saopaulo.sp.leg.br\/hackdays\/wp-json\/wp\/v2\/comments?post=12"}],"version-history":[{"count":1,"href":"https:\/\/homolog.saopaulo.sp.leg.br\/hackdays\/wp-json\/wp\/v2\/pages\/12\/revisions"}],"predecessor-version":[{"id":150,"href":"https:\/\/homolog.saopaulo.sp.leg.br\/hackdays\/wp-json\/wp\/v2\/pages\/12\/revisions\/150"}],"wp:attachment":[{"href":"https:\/\/homolog.saopaulo.sp.leg.br\/hackdays\/wp-json\/wp\/v2\/media?parent=12"}],"curies":[{"name":"wp","href":"https:\/\/api.w.org\/{rel}","templated":true}]}}