{"id":9,"date":"2018-10-24T12:09:38","date_gmt":"2018-10-24T15:09:38","guid":{"rendered":"http:\/\/homolog.saopaulo.sp.leg.br\/orcamento2019\/?page_id=9"},"modified":"2018-11-09T16:41:25","modified_gmt":"2018-11-09T18:41:25","slug":"agenda","status":"publish","type":"page","link":"https:\/\/homolog.saopaulo.sp.leg.br\/orcamento2019\/agenda\/","title":{"rendered":"Agenda"},"content":{"rendered":"<p><strong>CALEND\u00c1RIO AUDI\u00caNCIAS P\u00daBLICAS OR\u00c7AMENTO 2019<\/strong><\/p>\n<p>&nbsp;<\/p>\n<table>\n<tbody>\n<tr>\n<td>17\/10\/18<br \/>\n(4\u00aa FEIRA)<\/td>\n<td>Sal\u00e3o Nobre Jo\u00e3o Brasil Vita<br \/>\nDas 10h \u00e0s 15hs<\/td>\n<td>1\u00aa Audi\u00eancia P\u00fablica \u2013 1\u00aa Audi\u00eancia Geral<\/td>\n<\/tr>\n<tr>\n<td>24\/10\/2018<br \/>\n(4\u00aa FEIRA)<\/td>\n<td>Sal\u00e3o Nobre Jo\u00e3o Brasil Vita<br \/>\nDas 10h \u00e0s 15hs<\/td>\n<td>2\u00aa Audi\u00eancia P\u00fablica &#8211; Audi\u00eancia Tem\u00e1tica: Cultura<\/p>\n<p><strong>I) Secretaria Municipal de Cultura<\/strong><br \/>\n<strong>II) Funda\u00e7\u00e3o Theatro Municipal<\/strong><\/td>\n<\/tr>\n<tr>\n<td>31\/10\/2018<br \/>\n(4\u00aa FEIRA)<\/td>\n<td>Sal\u00e3o Nobre Jo\u00e3o Brasil Vita<br \/>\nDas 10h \u00e0s 15hs<\/td>\n<td>3\u00aa Audi\u00eancia P\u00fablica &#8211; Audi\u00eancia Tem\u00e1tica: Assist\u00eancia Social\/Direitos Humanos<\/p>\n<p><strong>I)\u00a0 Secretaria Municipal de Assist\u00eancia Social<\/strong><br \/>\n<strong>II)\u00a0 Fundo Municipal de Assist\u00eancia Social<\/strong><br \/>\n<strong>III) Secretaria Municipal de Direitos Humanos e Cidadania<\/strong><\/td>\n<\/tr>\n<tr>\n<td>07\/11\/2018<br \/>\n(4\u00aa FEIRA)<\/td>\n<td>Sal\u00e3o Nobre Jo\u00e3o Brasil Vita<br \/>\nDas 10h \u00e0s 15hs<\/td>\n<td>4\u00aa Audi\u00eancia P\u00fablica \u2013 3\u00aa Audi\u00eancia Tem\u00e1tica<\/p>\n<p><strong>I)\u00a0 Secretaria Municipal de Habita\u00e7\u00e3o<\/strong><br \/>\n<strong>II) COHAB<\/strong><br \/>\n<strong>III) Fundo Municipal de Habita\u00e7\u00e3o<\/strong><br \/>\n<strong>IV) Secretaria Municipal de Gest\u00e3o<\/strong><br \/>\n<strong>V)\u00a0 IPREM<br \/>\n<\/strong><\/td>\n<\/tr>\n<tr>\n<td>09\/11\/2018<br \/>\n(6\u00aa FEIRA)<\/td>\n<td>Sal\u00e3o Nobre Jo\u00e3o Brasil Vita Das 11h \u00e0s 16hs<\/td>\n<td>5\u00aa Audi\u00eancia P\u00fablica \u2013 4\u00aa Audi\u00eancia Tem\u00e1tica<\/p>\n<p><strong>I) Secretaria Municipal de Mobilidade e Transportes<\/strong><br \/>\n<strong> II) CET<\/strong><br \/>\n<strong> III) SPTRANS<\/strong><br \/>\n<strong> IV) Fundo Municipal de Tr\u00e2nsito <\/strong><br \/>\n<strong>V) SMDP (Secretaria Municipal de Desestatiza\u00e7\u00e3o e Parcerias)<\/strong><br \/>\n<strong> VI) Secretaria Municipal de Urbanismo e Licenciamento <\/strong><br \/>\n<strong>VII) FUNDURB<\/strong><\/td>\n<\/tr>\n<tr>\n<td><strong>14\/11\/2018<\/strong><br \/>\n<strong>(4\u00aa FEIRA)<\/strong><\/td>\n<td style=\"text-align: center\"><strong>AUDI\u00caNCIA REMANEJADA<\/strong><\/td>\n<td style=\"text-align: center\"><strong>OBSERVA\u00c7\u00c3O: A Audi\u00eancia P\u00fablica inicialmente agendada para ocorrer no dia 14\/11\/2018 foi remanejada para o dia 23\/11\/2018 conforme consta abaixo<\/strong><\/td>\n<\/tr>\n<tr>\n<td>21\/11\/2018<br \/>\n(4\u00aa FEIRA)<\/td>\n<td>Sal\u00e3o Nobre Jo\u00e3o Brasil Vita<br \/>\nDas 10h \u00e0s 15hs<\/td>\n<td>6\u00aa Audi\u00eancia P\u00fablica \u2013 5\u00aa Audi\u00eancia Tem\u00e1tica<\/p>\n<p><strong>I) Secretaria Municipal de Sa\u00fade<\/strong><br \/>\n<strong>II) Fundo Municipal de Sa\u00fade<\/strong><br \/>\n<strong>III) Autarquia Hospitalar Municipal<\/strong><br \/>\n<strong>IV) Secretaria Municipal das Subprefeituras<\/strong><br \/>\n<strong>V)\u00a0<\/strong><strong>Secretaria da Pessoa com Defici\u00eancia e Mobilidade Reduzida<br \/>\nVI) Secretaria Municipal de Desenvolvimento Econ\u00f4mico<br \/>\n<\/strong><\/td>\n<\/tr>\n<tr>\n<td>23\/11\/2018<br \/>\n(6\u00aa FEIRA)<\/td>\n<td>Sal\u00e3o Nobre Jo\u00e3o Brasil Vita Das 10h \u00e0s 15hs<\/td>\n<td>7\u00aa Audi\u00eancia P\u00fablica \u2013 6\u00aa Audi\u00eancia Tem\u00e1tica e 2\u00aa Audi\u00eancia Geral<\/p>\n<p><strong>I) Secretaria Municipal de Educa\u00e7\u00e3o<\/strong><br \/>\n<strong> II) Secretaria Municipal de Esportes<\/strong><br \/>\n<strong> III) Fundo de Esportes, Lazer e Recrea\u00e7\u00e3o<\/strong><br \/>\n<strong> IV) Secretaria Municipal do Verde e do Meio Ambiente <\/strong><br \/>\n<strong>V) Secretaria Municipal de Infraestrutura Urbana e Obras SIURB<br \/>\nV) Secretaria Municipal da Fazenda<br \/>\nVI) Tribunal de Contas<\/strong><\/p>\n<p><strong>2\u00aa Audi\u00eancia Geral<\/strong><\/td>\n<\/tr>\n<\/tbody>\n<\/table>\n","protected":false},"excerpt":{"rendered":"<p>CALEND\u00c1RIO AUDI\u00caNCIAS P\u00daBLICAS OR\u00c7AMENTO 2019 &nbsp; 17\/10\/18 (4\u00aa FEIRA) Sal\u00e3o Nobre Jo\u00e3o Brasil Vita Das 10h \u00e0s 15hs 1\u00aa Audi\u00eancia P\u00fablica \u2013 1\u00aa Audi\u00eancia Geral 24\/10\/2018 (4\u00aa FEIRA) Sal\u00e3o Nobre Jo\u00e3o Brasil Vita Das 10h \u00e0s 15hs 2\u00aa Audi\u00eancia P\u00fablica &#8211; Audi\u00eancia Tem\u00e1tica: Cultura I) Secretaria Municipal de Cultura II) Funda\u00e7\u00e3o Theatro Municipal 31\/10\/2018 (4\u00aa&#8230;  <a class=\"excerpt-read-more\" href=\"https:\/\/homolog.saopaulo.sp.leg.br\/orcamento2019\/agenda\/\" title=\"Read Agenda\">Ler mais &raquo;<\/a><\/p>\n","protected":false},"author":544,"featured_media":0,"parent":0,"menu_order":0,"comment_status":"closed","ping_status":"closed","template":"","meta":{"_acf_changed":false,"footnotes":""},"class_list":["post-9","page","type-page","status-publish","hentry"],"acf":[],"_links":{"self":[{"href":"https:\/\/homolog.saopaulo.sp.leg.br\/orcamento2019\/wp-json\/wp\/v2\/pages\/9","targetHints":{"allow":["GET"]}}],"collection":[{"href":"https:\/\/homolog.saopaulo.sp.leg.br\/orcamento2019\/wp-json\/wp\/v2\/pages"}],"about":[{"href":"https:\/\/homolog.saopaulo.sp.leg.br\/orcamento2019\/wp-json\/wp\/v2\/types\/page"}],"author":[{"embeddable":true,"href":"https:\/\/homolog.saopaulo.sp.leg.br\/orcamento2019\/wp-json\/wp\/v2\/users\/544"}],"replies":[{"embeddable":true,"href":"https:\/\/homolog.saopaulo.sp.leg.br\/orcamento2019\/wp-json\/wp\/v2\/comments?post=9"}],"version-history":[{"count":5,"href":"https:\/\/homolog.saopaulo.sp.leg.br\/orcamento2019\/wp-json\/wp\/v2\/pages\/9\/revisions"}],"predecessor-version":[{"id":283,"href":"https:\/\/homolog.saopaulo.sp.leg.br\/orcamento2019\/wp-json\/wp\/v2\/pages\/9\/revisions\/283"}],"wp:attachment":[{"href":"https:\/\/homolog.saopaulo.sp.leg.br\/orcamento2019\/wp-json\/wp\/v2\/media?parent=9"}],"curies":[{"name":"wp","href":"https:\/\/api.w.org\/{rel}","templated":true}]}}