{"id":19,"date":"2022-06-23T14:14:03","date_gmt":"2022-06-23T17:14:03","guid":{"rendered":"https:\/\/homolog.saopaulo.sp.leg.br\/orcamento2023\/?page_id=19"},"modified":"2024-05-28T10:49:37","modified_gmt":"2024-05-28T13:49:37","slug":"comissao","status":"publish","type":"page","link":"https:\/\/homolog.saopaulo.sp.leg.br\/orcamento2023\/comissao\/","title":{"rendered":"Comiss\u00e3o"},"content":{"rendered":"<h2><strong>O que \u00e9 a Comiss\u00e3o de Finan\u00e7as?<\/strong><\/h2>\n<p>\u00c9 de responsabilidade da <strong>Comiss\u00e3o de Finan\u00e7as e Or\u00e7amento<\/strong> da C\u00e2mara Municipal de S\u00e3o Paulo garantir o amplo debate <strong>sobre a LDO (Lei de Diretrizes Or\u00e7ament\u00e1rias) e a LOA (Lei Or\u00e7ament\u00e1ria Anual)<\/strong>.<\/p>\n<p>Atualmente, a Comiss\u00e3o tem em sua composi\u00e7\u00e3o o presidente <strong>Jair Tatto (PT)<\/strong>, o vice-presidente e relator <strong>Marcelo Messias (MDB),<\/strong>, e os membros <strong>At\u00edlio Francisco (REPUBLICANOS), Danilo do Posto de Sa\u00fade (PODE), Dr. Sidney Cruz (SOLIDARIEDADE), Elaine do Quilombo Perif\u00e9rico (PSOL), Gilberto Nascimento Jr. (PSC), Isac F\u00e9lix (PL)<\/strong> e <strong>Jana\u00edna Lima (MDB)<\/strong>. Para relatar a LDO, o colegiado designou o vereador <strong>Marcelo Messias<\/strong>.<br \/>\nJ\u00e1 para relatar a LOA, foi escolhido o vereador <strong>Dr. Sidney Cruz<\/strong>.<\/p>\n<p>Saiba mais sobre os vereadores que comp\u00f5em o colegiado clicando\u00a0<a href=\"http:\/\/homolog.saopaulo.sp.leg.br\/comissao\/comissoes-do-processo-legislativo\/comissao-de-financas-e-orcamento\/\" target=\"_blank\" rel=\"noopener noreferrer\" data-auth=\"NotApplicable\">aqui<\/a>.<\/p>\n<h2><strong>Composi\u00e7\u00e3o da Comiss\u00e3o de Finan\u00e7as<\/strong><\/h2>\n<div class=\"aup_comissao\">\n<div class=\"foto\"><span class=\"partido\"><img decoding=\"async\" class=\"alignnone\" title=\"PT\" src=\"https:\/\/saopaulo.sp.leg.br\/wp-content\/uploads\/2017\/02\/pt.png\" width=\"40\" \/><\/span><img decoding=\"async\" class=\"aligncenter wp-image-607 size-full\" src=\"https:\/\/homolog.saopaulo.sp.leg.br\/orcamento2023\/wp-content\/uploads\/sites\/49\/2022\/09\/jair.jpg\" alt=\"\" \/><\/div>\n<div class=\"verea\"><span class=\"nome\">Jair Tatto<\/span><span class=\"cargo\">Presidente<\/span><\/div>\n<\/div>\n<div class=\"aup_comissao\">\n<div class=\"foto\"><span class=\"partido\"><img decoding=\"async\" class=\"alignnone\" title=\"MDB\" src=\"https:\/\/homolog.saopaulo.sp.leg.br\/wp-content\/uploads\/2017\/02\/mdb_p.jpg\" width=\"40\" \/><\/span><img decoding=\"async\" class=\"aligncenter wp-image-607 size-full\" src=\"https:\/\/homolog.saopaulo.sp.leg.br\/orcamento2023\/wp-content\/uploads\/sites\/49\/2022\/09\/marcelo.jpg\" alt=\"\" \/><\/div>\n<div class=\"verea\"><span class=\"nome\">Marcelo Messias<\/span><span class=\"cargo\">Vice-Presidente e Relator<\/span><\/div>\n<\/div>\n<div class=\"aup_comissao\">\n<div class=\"foto\"><span class=\"partido\"><img decoding=\"async\" class=\"alignnone\" title=\"Republicanos\" src=\"https:\/\/homolog.saopaulo.sp.leg.br\/wp-content\/uploads\/2017\/02\/Republicanos.png\" width=\"40\" \/><\/span><img decoding=\"async\" class=\"aligncenter wp-image-607 size-full\" src=\"https:\/\/homolog.saopaulo.sp.leg.br\/orcamento2023\/wp-content\/uploads\/sites\/49\/2022\/09\/atilio.jpg\" alt=\"\" \/><\/div>\n<div class=\"verea\"><span class=\"nome\">Atilio Francisco<\/span><span class=\"cargo\">Membro<\/span><\/div>\n<\/div>\n<div class=\"aup_comissao\">\n<div class=\"foto\"><span class=\"partido\"><img decoding=\"async\" class=\"alignnone\" title=\"MDB\" src=\"https:\/\/homolog.saopaulo.sp.leg.br\/wp-content\/uploads\/2017\/02\/podemos_p.png\" width=\"40\" \/><\/span><img decoding=\"async\" class=\"aligncenter wp-image-607 size-full\" src=\"https:\/\/homolog.saopaulo.sp.leg.br\/orcamento2023\/wp-content\/uploads\/sites\/49\/2022\/09\/danilo.jpg\" alt=\"\" \/><\/div>\n<div class=\"verea\"><span class=\"nome\">Danilo do Posto de Sa\u00fade<\/span><span class=\"cargo\">Membro<\/span><\/div>\n<\/div>\n<div class=\"aup_comissao\">\n<div class=\"foto\"><span class=\"partido\"><img decoding=\"async\" class=\"alignnone\" title=\"Solidariedade\" src=\"https:\/\/homolog.saopaulo.sp.leg.br\/wp-content\/uploads\/2021\/01\/solidariedade-pq.jpg\" width=\"40\" \/><\/span><img decoding=\"async\" class=\"aligncenter wp-image-607 size-full\" src=\"https:\/\/homolog.saopaulo.sp.leg.br\/orcamento2023\/wp-content\/uploads\/sites\/49\/2022\/09\/sidney.jpg\" alt=\"\" \/><\/div>\n<div class=\"verea\"><span class=\"nome\">Dr. Sidney Cruz<\/span><span class=\"cargo\">Membro<\/span><\/div>\n<\/div>\n<div class=\"aup_comissao\">\n<div class=\"foto\"><span class=\"partido\"><img decoding=\"async\" class=\"alignnone\" title=\"Psol\" src=\"https:\/\/homolog.saopaulo.sp.leg.br\/wp-content\/uploads\/2017\/02\/psol.png\" width=\"40\" \/><\/span><img decoding=\"async\" class=\"aligncenter wp-image-607 size-full\" src=\"https:\/\/homolog.saopaulo.sp.leg.br\/orcamento2023\/wp-content\/uploads\/sites\/49\/2022\/09\/Copia-de-Copia-de-Sem-nome.png\" alt=\"\" \/><\/div>\n<div class=\"verea\"><span class=\"nome\">Elaine do Quilombo Perif\u00e9rico<\/span><span class=\"cargo\">Membro<\/span><\/div>\n<\/div>\n<div class=\"aup_comissao\">\n<div class=\"foto\"><span class=\"partido\"><img decoding=\"async\" class=\"alignnone\" title=\"Novo\" src=\"https:\/\/homolog.saopaulo.sp.leg.br\/wp-content\/uploads\/2017\/02\/psc.png\" width=\"40\" \/><\/span><img decoding=\"async\" class=\"aligncenter wp-image-607 size-full\" src=\"https:\/\/homolog.saopaulo.sp.leg.br\/orcamento2023\/wp-content\/uploads\/sites\/49\/2022\/09\/gilberto.jpg\" alt=\"\" \/><\/div>\n<div class=\"verea\"><span class=\"nome\">Gilberto Nascimento Jr.<\/span><span class=\"cargo\">Membro<\/span><\/div>\n<\/div>\n<div class=\"aup_comissao\">\n<div class=\"foto\"><span class=\"partido\"><img decoding=\"async\" class=\"alignnone\" title=\"PL\" src=\"https:\/\/homolog.saopaulo.sp.leg.br\/orcamento2020\/wp-content\/uploads\/sites\/28\/2019\/10\/LOGO_PL.jpg\" width=\"40\" \/><\/span><img decoding=\"async\" class=\"aligncenter wp-image-607 size-full\" src=\"https:\/\/homolog.saopaulo.sp.leg.br\/orcamento2023\/wp-content\/uploads\/sites\/49\/2022\/10\/isac.jpg\" alt=\"\" \/><\/div>\n<div class=\"verea\"><span class=\"nome\">Isac F\u00e9lix<\/span><span class=\"cargo\">Membro<\/span><\/div>\n<\/div>\n<div class=\"aup_comissao\">\n<div class=\"foto\"><span class=\"partido\"><img decoding=\"async\" class=\"alignnone\" title=\"NOVO\" src=\"https:\/\/homolog.saopaulo.sp.leg.br\/wp-content\/uploads\/2017\/02\/mdb_p.jpg\" width=\"40\" \/><\/span><img decoding=\"async\" class=\"aligncenter wp-image-607 size-full\" src=\"https:\/\/homolog.saopaulo.sp.leg.br\/orcamento2023\/wp-content\/uploads\/sites\/49\/2022\/09\/janaina.jpg\" alt=\"\" \/><\/div>\n<div class=\"verea\"><span class=\"nome\">Jana\u00edna Lima<\/span><span class=\"cargo\">Membro<\/span><\/div>\n<\/div>\n","protected":false},"excerpt":{"rendered":"<p>O que \u00e9 a Comiss\u00e3o de Finan\u00e7as? \u00c9 de responsabilidade da Comiss\u00e3o de Finan\u00e7as e Or\u00e7amento da C\u00e2mara Municipal de S\u00e3o Paulo garantir o amplo debate sobre a LDO (Lei de Diretrizes Or\u00e7ament\u00e1rias) e a LOA (Lei Or\u00e7ament\u00e1ria Anual). Atualmente, a Comiss\u00e3o tem em sua composi\u00e7\u00e3o o presidente Jair Tatto (PT), o vice-presidente e relator&#8230;  <a class=\"excerpt-read-more\" href=\"https:\/\/homolog.saopaulo.sp.leg.br\/orcamento2023\/comissao\/\" title=\"Read Comiss\u00e3o\">Ler mais &raquo;<\/a><\/p>\n","protected":false},"author":733,"featured_media":0,"parent":0,"menu_order":0,"comment_status":"closed","ping_status":"closed","template":"","meta":{"_acf_changed":false,"footnotes":""},"class_list":["post-19","page","type-page","status-publish","hentry"],"acf":[],"_links":{"self":[{"href":"https:\/\/homolog.saopaulo.sp.leg.br\/orcamento2023\/wp-json\/wp\/v2\/pages\/19","targetHints":{"allow":["GET"]}}],"collection":[{"href":"https:\/\/homolog.saopaulo.sp.leg.br\/orcamento2023\/wp-json\/wp\/v2\/pages"}],"about":[{"href":"https:\/\/homolog.saopaulo.sp.leg.br\/orcamento2023\/wp-json\/wp\/v2\/types\/page"}],"author":[{"embeddable":true,"href":"https:\/\/homolog.saopaulo.sp.leg.br\/orcamento2023\/wp-json\/wp\/v2\/users\/733"}],"replies":[{"embeddable":true,"href":"https:\/\/homolog.saopaulo.sp.leg.br\/orcamento2023\/wp-json\/wp\/v2\/comments?post=19"}],"version-history":[{"count":6,"href":"https:\/\/homolog.saopaulo.sp.leg.br\/orcamento2023\/wp-json\/wp\/v2\/pages\/19\/revisions"}],"predecessor-version":[{"id":351,"href":"https:\/\/homolog.saopaulo.sp.leg.br\/orcamento2023\/wp-json\/wp\/v2\/pages\/19\/revisions\/351"}],"wp:attachment":[{"href":"https:\/\/homolog.saopaulo.sp.leg.br\/orcamento2023\/wp-json\/wp\/v2\/media?parent=19"}],"curies":[{"name":"wp","href":"https:\/\/api.w.org\/{rel}","templated":true}]}}