{"id":25,"date":"2024-05-16T11:00:05","date_gmt":"2024-05-16T14:00:05","guid":{"rendered":"https:\/\/homolog.saopaulo.sp.leg.br\/orcamento2025\/?page_id=25"},"modified":"2024-05-16T11:11:22","modified_gmt":"2024-05-16T14:11:22","slug":"audiencias-publicas","status":"publish","type":"page","link":"https:\/\/homolog.saopaulo.sp.leg.br\/orcamento2025\/audiencias-publicas\/","title":{"rendered":"Audi\u00eancias P\u00fablicas"},"content":{"rendered":"<h2 style=\"text-align: center\">PARTICIPE!<\/h2>\n<p style=\"text-align: center\">Participe do <strong>Or\u00e7amento 2025!<\/strong> Envie suas sugest\u00f5es online <a href=\"https:\/\/homolog.saopaulo.sp.leg.br\/orcamento2025\/participe\/\">aqui<\/a>.<br \/>\nFa\u00e7a suas <a href=\"https:\/\/homolog.saopaulo.sp.leg.br\/audienciaspublicas\/\" target=\"_blank\" rel=\"noopener\">inscri\u00e7\u00f5es para as videoconfer\u00eancias<\/a>.<\/p>\n<h3 style=\"margin-top: 40px;text-align: center\">Calend\u00e1rio das Audi\u00eancias P\u00fablicas para o Or\u00e7amento 2025<\/h3>\n","protected":false},"excerpt":{"rendered":"<p>PARTICIPE! Participe do Or\u00e7amento 2025! Envie suas sugest\u00f5es online aqui. Fa\u00e7a suas inscri\u00e7\u00f5es para as videoconfer\u00eancias. Calend\u00e1rio das Audi\u00eancias P\u00fablicas para o Or\u00e7amento 2025<\/p>\n","protected":false},"author":733,"featured_media":0,"parent":0,"menu_order":0,"comment_status":"closed","ping_status":"closed","template":"page-audiencias-realizadas.php","meta":{"footnotes":""},"class_list":["post-25","page","type-page","status-publish","hentry"],"_links":{"self":[{"href":"https:\/\/homolog.saopaulo.sp.leg.br\/orcamento2025\/wp-json\/wp\/v2\/pages\/25","targetHints":{"allow":["GET"]}}],"collection":[{"href":"https:\/\/homolog.saopaulo.sp.leg.br\/orcamento2025\/wp-json\/wp\/v2\/pages"}],"about":[{"href":"https:\/\/homolog.saopaulo.sp.leg.br\/orcamento2025\/wp-json\/wp\/v2\/types\/page"}],"author":[{"embeddable":true,"href":"https:\/\/homolog.saopaulo.sp.leg.br\/orcamento2025\/wp-json\/wp\/v2\/users\/733"}],"replies":[{"embeddable":true,"href":"https:\/\/homolog.saopaulo.sp.leg.br\/orcamento2025\/wp-json\/wp\/v2\/comments?post=25"}],"version-history":[{"count":3,"href":"https:\/\/homolog.saopaulo.sp.leg.br\/orcamento2025\/wp-json\/wp\/v2\/pages\/25\/revisions"}],"predecessor-version":[{"id":44,"href":"https:\/\/homolog.saopaulo.sp.leg.br\/orcamento2025\/wp-json\/wp\/v2\/pages\/25\/revisions\/44"}],"wp:attachment":[{"href":"https:\/\/homolog.saopaulo.sp.leg.br\/orcamento2025\/wp-json\/wp\/v2\/media?parent=25"}],"curies":[{"name":"wp","href":"https:\/\/api.w.org\/{rel}","templated":true}]}}