{"id":272,"date":"2019-10-17T19:49:00","date_gmt":"2019-10-17T22:49:00","guid":{"rendered":"http:\/\/homolog.saopaulo.sp.leg.br\/regularizacaoimobiliaria\/?page_id=272"},"modified":"2019-11-25T18:59:55","modified_gmt":"2019-11-25T21:59:55","slug":"como-saber-se-meu-imovel-esta-regular","status":"publish","type":"page","link":"https:\/\/homolog.saopaulo.sp.leg.br\/regularizacaoimobiliaria\/como-saber-se-meu-imovel-esta-regular\/","title":{"rendered":"Como saber se meu im\u00f3vel est\u00e1 regular ?"},"content":{"rendered":"<p>&nbsp;<\/p>\n<p style=\"text-align: left\"><img loading=\"lazy\" decoding=\"async\" class=\"size-full wp-image-273 alignleft\" src=\"https:\/\/homolog.saopaulo.sp.leg.br\/regularizacaoimobiliaria\/wp-content\/uploads\/sites\/32\/2019\/10\/WhatsApp-Image-2019-10-17-at-7.46.47-PM.jpeg\" alt=\"\" width=\"200\" height=\"300\" \/>Atrav\u00e9s de uma consulta ao CEDI (Cadastro de Edifica\u00e7\u00f5es do Munic\u00edpio) \u00e9 poss\u00edvel emitir o hist\u00f3rico da Edifica\u00e7\u00e3o. \u00c9 este documento que comprova a situa\u00e7\u00e3o da edifica\u00e7\u00e3o e diz se ele est\u00e1 regular ou irregular. Voc\u00ea precisar\u00e1 informar o n\u00famero do contribuinte (SQL &#8211; Setor Quadra Lote). Voc\u00ea encontra esse n\u00famero no seu carn\u00ea do IPTU.<\/p>\n<p>&nbsp;<\/p>\n<p>Clique <a href=\"http:\/\/cediconshistorico.prefeitura.sp.gov.br\/forms\/consultarhistorico.aspx\" target=\"_blank\" rel=\"noopener noreferrer\">aqui e acesse o site do CEDI<\/a>.<\/p>\n<div class=\"dslc-modules-area dslc-col dslc-12-col dslc-last-col\" data-size=\"12\">\n<div id=\"dslc-module-21e3bca033b\" class=\"dslc-module-front dslc-module-DSLC_Text_Simple dslc-in-viewport-check dslc-in-viewport-anim-none dslc-col dslc-12-col dslc-last-col dslc-module-handle-like-regular dslc-in-viewport\" data-module-id=\"21e3bca033b\" data-module=\"DSLC_Text_Simple\" data-dslc-module-size=\"12\" data-dslc-anim=\"none\" data-dslc-anim-delay=\"\" data-dslc-anim-duration=\"650\" data-dslc-anim-easing=\"ease\" data-dslc-preset=\"none\">\n<div class=\"dslc-text-module-content\">\n<h1><\/h1>\n<\/div>\n<\/div>\n<div id=\"dslc-module-f7e659607d9\" class=\"dslc-module-front dslc-module-DSLC_Text_Simple dslc-in-viewport-check dslc-in-viewport-anim-none dslc-col dslc-12-col dslc-last-col dslc-module-handle-like-regular dslc-in-viewport\" data-module-id=\"f7e659607d9\" data-module=\"DSLC_Text_Simple\" data-dslc-module-size=\"12\" data-dslc-anim=\"none\" data-dslc-anim-delay=\"\" data-dslc-anim-duration=\"650\" data-dslc-anim-easing=\"ease\" data-dslc-preset=\"none\">\n<div class=\"dslc-text-module-content\">\n<p>&nbsp;<\/p>\n<\/div>\n<\/div>\n<\/div>\n<div class=\"dslc-modules-area dslc-col dslc-12-col dslc-last-col\" data-size=\"12\">\n<div id=\"dslc-module-30a6b0ca67b\" class=\"dslc-module-front dslc-module-DSLC_Image dslc-in-viewport-check dslc-in-viewport-anim-none dslc-col dslc-6-col dslc-module-handle-like-regular card-img-regular dslc-in-viewport\" data-module-id=\"30a6b0ca67b\" data-module=\"DSLC_Image\" data-dslc-module-size=\"6\" data-dslc-anim=\"none\" data-dslc-anim-delay=\"\" data-dslc-anim-duration=\"650\" data-dslc-anim-easing=\"ease\" data-dslc-preset=\"none\">\n<div class=\"dslc-image-container\">\n<div class=\"dslc-image\"><\/div>\n<\/div>\n<\/div>\n<div id=\"dslc-module-7530be835e8\" class=\"dslc-module-front dslc-module-DSLC_Text_Simple dslc-in-viewport-check dslc-in-viewport-anim-none dslc-col dslc-6-col dslc-last-col dslc-module-handle-like-regular card-regular dslc-in-viewport\" data-module-id=\"7530be835e8\" data-module=\"DSLC_Text_Simple\" data-dslc-module-size=\"6\" data-dslc-anim=\"none\" data-dslc-anim-delay=\"\" data-dslc-anim-duration=\"650\" data-dslc-anim-easing=\"ease\" data-dslc-preset=\"none\">\n<div class=\"dslc-text-module-content\">\n<ul>\n<li><\/li>\n<\/ul>\n<\/div>\n<\/div>\n<\/div>\n<p>&nbsp;<\/p>\n<p>&nbsp;<\/p>\n","protected":false},"excerpt":{"rendered":"<p>&nbsp; Atrav\u00e9s de uma consulta ao CEDI (Cadastro de Edifica\u00e7\u00f5es do Munic\u00edpio) \u00e9 poss\u00edvel emitir o hist\u00f3rico da Edifica\u00e7\u00e3o. \u00c9 este documento que comprova a situa\u00e7\u00e3o da edifica\u00e7\u00e3o e diz se ele est\u00e1 regular ou irregular. Voc\u00ea precisar\u00e1 informar o n\u00famero do contribuinte (SQL &#8211; Setor Quadra Lote). Voc\u00ea encontra esse n\u00famero no seu carn\u00ea&#8230;  <a class=\"excerpt-read-more\" href=\"https:\/\/homolog.saopaulo.sp.leg.br\/regularizacaoimobiliaria\/como-saber-se-meu-imovel-esta-regular\/\" title=\"Read Como saber se meu im\u00f3vel est\u00e1 regular ?\">Ler mais &raquo;<\/a><\/p>\n","protected":false},"author":16,"featured_media":0,"parent":0,"menu_order":0,"comment_status":"closed","ping_status":"closed","template":"","meta":{"_acf_changed":false,"footnotes":""},"class_list":["post-272","page","type-page","status-publish","hentry"],"acf":[],"_links":{"self":[{"href":"https:\/\/homolog.saopaulo.sp.leg.br\/regularizacaoimobiliaria\/wp-json\/wp\/v2\/pages\/272","targetHints":{"allow":["GET"]}}],"collection":[{"href":"https:\/\/homolog.saopaulo.sp.leg.br\/regularizacaoimobiliaria\/wp-json\/wp\/v2\/pages"}],"about":[{"href":"https:\/\/homolog.saopaulo.sp.leg.br\/regularizacaoimobiliaria\/wp-json\/wp\/v2\/types\/page"}],"author":[{"embeddable":true,"href":"https:\/\/homolog.saopaulo.sp.leg.br\/regularizacaoimobiliaria\/wp-json\/wp\/v2\/users\/16"}],"replies":[{"embeddable":true,"href":"https:\/\/homolog.saopaulo.sp.leg.br\/regularizacaoimobiliaria\/wp-json\/wp\/v2\/comments?post=272"}],"version-history":[{"count":5,"href":"https:\/\/homolog.saopaulo.sp.leg.br\/regularizacaoimobiliaria\/wp-json\/wp\/v2\/pages\/272\/revisions"}],"predecessor-version":[{"id":485,"href":"https:\/\/homolog.saopaulo.sp.leg.br\/regularizacaoimobiliaria\/wp-json\/wp\/v2\/pages\/272\/revisions\/485"}],"wp:attachment":[{"href":"https:\/\/homolog.saopaulo.sp.leg.br\/regularizacaoimobiliaria\/wp-json\/wp\/v2\/media?parent=272"}],"curies":[{"name":"wp","href":"https:\/\/api.w.org\/{rel}","templated":true}]}}