{"id":88,"date":"2019-05-15T16:28:10","date_gmt":"2019-05-15T19:28:10","guid":{"rendered":"http:\/\/191.233.26.21\/orcamento2020\/?page_id=88"},"modified":"2019-11-25T18:48:27","modified_gmt":"2019-11-25T21:48:27","slug":"historico","status":"publish","type":"page","link":"https:\/\/homolog.saopaulo.sp.leg.br\/regularizacaoimobiliaria\/historico\/","title":{"rendered":"Hist\u00f3rico"},"content":{"rendered":"<h3><strong>Veja como foi a trajet\u00f3ria de debates do Projeto de Regulariza\u00e7\u00e3o Imobili\u00e1ria na C\u00e2mara Municipal at\u00e9 ele se tornar Lei<\/strong><\/h3>\n<p>&nbsp;<\/p>\n","protected":false},"excerpt":{"rendered":"<p>Veja como foi a trajet\u00f3ria de debates do Projeto de Regulariza\u00e7\u00e3o Imobili\u00e1ria na C\u00e2mara Municipal at\u00e9 ele se tornar Lei &nbsp;<\/p>\n","protected":false},"author":544,"featured_media":0,"parent":0,"menu_order":0,"comment_status":"closed","ping_status":"closed","template":"page-historico.php","meta":{"_acf_changed":false,"footnotes":""},"class_list":["post-88","page","type-page","status-publish","hentry"],"acf":[],"_links":{"self":[{"href":"https:\/\/homolog.saopaulo.sp.leg.br\/regularizacaoimobiliaria\/wp-json\/wp\/v2\/pages\/88","targetHints":{"allow":["GET"]}}],"collection":[{"href":"https:\/\/homolog.saopaulo.sp.leg.br\/regularizacaoimobiliaria\/wp-json\/wp\/v2\/pages"}],"about":[{"href":"https:\/\/homolog.saopaulo.sp.leg.br\/regularizacaoimobiliaria\/wp-json\/wp\/v2\/types\/page"}],"author":[{"embeddable":true,"href":"https:\/\/homolog.saopaulo.sp.leg.br\/regularizacaoimobiliaria\/wp-json\/wp\/v2\/users\/544"}],"replies":[{"embeddable":true,"href":"https:\/\/homolog.saopaulo.sp.leg.br\/regularizacaoimobiliaria\/wp-json\/wp\/v2\/comments?post=88"}],"version-history":[{"count":5,"href":"https:\/\/homolog.saopaulo.sp.leg.br\/regularizacaoimobiliaria\/wp-json\/wp\/v2\/pages\/88\/revisions"}],"predecessor-version":[{"id":473,"href":"https:\/\/homolog.saopaulo.sp.leg.br\/regularizacaoimobiliaria\/wp-json\/wp\/v2\/pages\/88\/revisions\/473"}],"wp:attachment":[{"href":"https:\/\/homolog.saopaulo.sp.leg.br\/regularizacaoimobiliaria\/wp-json\/wp\/v2\/media?parent=88"}],"curies":[{"name":"wp","href":"https:\/\/api.w.org\/{rel}","templated":true}]}}