{"id":58,"date":"2022-05-02T18:53:07","date_gmt":"2022-05-02T21:53:07","guid":{"rendered":"https:\/\/homolog.saopaulo.sp.leg.br\/pde\/?page_id=58"},"modified":"2023-03-30T14:10:37","modified_gmt":"2023-03-30T17:10:37","slug":"audiencias-publicas","status":"publish","type":"page","link":"https:\/\/homolog.saopaulo.sp.leg.br\/revisaopde\/audiencias-publicas\/","title":{"rendered":"Audi\u00eancias P\u00fablicas"},"content":{"rendered":"<h2 style=\"text-align: center\">Calend\u00e1rio das Audi\u00eancias P\u00fablicas para revis\u00e3o do Plano Diretor <\/h2>\n","protected":false},"excerpt":{"rendered":"<p>Calend\u00e1rio das Audi\u00eancias P\u00fablicas para revis\u00e3o do Plano Diretor<\/p>\n","protected":false},"author":733,"featured_media":0,"parent":0,"menu_order":0,"comment_status":"closed","ping_status":"closed","template":"page-audiencias-realizadas.php","meta":{"_acf_changed":false,"footnotes":""},"class_list":["post-58","page","type-page","status-publish","hentry"],"acf":[],"_links":{"self":[{"href":"https:\/\/homolog.saopaulo.sp.leg.br\/revisaopde\/wp-json\/wp\/v2\/pages\/58","targetHints":{"allow":["GET"]}}],"collection":[{"href":"https:\/\/homolog.saopaulo.sp.leg.br\/revisaopde\/wp-json\/wp\/v2\/pages"}],"about":[{"href":"https:\/\/homolog.saopaulo.sp.leg.br\/revisaopde\/wp-json\/wp\/v2\/types\/page"}],"author":[{"embeddable":true,"href":"https:\/\/homolog.saopaulo.sp.leg.br\/revisaopde\/wp-json\/wp\/v2\/users\/733"}],"replies":[{"embeddable":true,"href":"https:\/\/homolog.saopaulo.sp.leg.br\/revisaopde\/wp-json\/wp\/v2\/comments?post=58"}],"version-history":[{"count":5,"href":"https:\/\/homolog.saopaulo.sp.leg.br\/revisaopde\/wp-json\/wp\/v2\/pages\/58\/revisions"}],"predecessor-version":[{"id":523,"href":"https:\/\/homolog.saopaulo.sp.leg.br\/revisaopde\/wp-json\/wp\/v2\/pages\/58\/revisions\/523"}],"wp:attachment":[{"href":"https:\/\/homolog.saopaulo.sp.leg.br\/revisaopde\/wp-json\/wp\/v2\/media?parent=58"}],"curies":[{"name":"wp","href":"https:\/\/api.w.org\/{rel}","templated":true}]}}