
{"id":18,"date":"2023-04-19T18:18:48","date_gmt":"2023-04-19T21:18:48","guid":{"rendered":"https:\/\/homolog.saopaulo.sp.leg.br\/zoneamento2023\/?page_id=18"},"modified":"2023-12-04T12:03:49","modified_gmt":"2023-12-04T15:03:49","slug":"o-que-e-o-zoneamento","status":"publish","type":"page","link":"https:\/\/homolog.saopaulo.sp.leg.br\/zoneamento2023\/o-que-e-o-zoneamento\/","title":{"rendered":"O que \u00e9 o Zoneamento"},"content":{"rendered":"<h2>Lei de Zoneamento<\/h2>\n<p>Todas as pol\u00edticas urbanas e sociais que direcionam o crescimento da cidade de S\u00e3o Paulo formam um conjunto de normas. Essas regras est\u00e3o garantidas na <a href=\"https:\/\/app-plpconsulta-prd.azurewebsites.net\/Forms\/MostrarArquivo?ID=659&amp;TipArq=1\" target=\"_blank\" rel=\"noopener\">Lei n\u00b0 16.402, de 22 de mar\u00e7o de 2016<\/a> &#8211; conhecida como a Lei de Zoneamento. Ela segue os crit\u00e9rios previstos no PDE (Plano Diretor Estrat\u00e9gico), definindo estrat\u00e9gias para organizar o territ\u00f3rio municipal.<\/p>\n<p>Apesar de o Plano Diretor e a Lei de Zoneamento terem rela\u00e7\u00e3o, com objetivos de planejar a\u00e7\u00f5es sustent\u00e1veis para os pr\u00f3ximos anos, a discuss\u00e3o de ambas as mat\u00e9rias \u00e9 feita separadamente. Sendo assim, cada proposta encaminhada \u00e0 C\u00e2mara Municipal de S\u00e3o Paulo pela Prefeitura tramita na Casa em projetos distintos.<\/p>\n<p>A Lei de Zoneamento traz determina\u00e7\u00f5es para o parcelamento, uso e ocupa\u00e7\u00e3o do solo de S\u00e3o Paulo, tanto industrial quanto residencial. Isso significa que h\u00e1 uma s\u00e9rie de especifica\u00e7\u00f5es relacionadas ao adensamento demogr\u00e1fico &#8211; que \u00e9 a concentra\u00e7\u00e3o populacional de uma regi\u00e3o &#8211; influenciando nas quest\u00f5es ambientais, sociais, servi\u00e7os p\u00fablicos, mobilidade, vi\u00e1rio, edifica\u00e7\u00f5es, e delimita\u00e7\u00e3o de zonas de atividades econ\u00f4micas e residenciais.<\/p>\n<h2 style=\"margin-top: 30px\">A Revis\u00e3o<\/h2>\n<p>Assim como acontece com o PDE, que passa por revis\u00e3o m\u00e9dia a cada dez anos, a Lei de Zoneamento tamb\u00e9m sofre ajustes peri\u00f3dicos. As adequa\u00e7\u00f5es s\u00e3o necess\u00e1rias para promover qualidade de vida \u00e0 popula\u00e7\u00e3o e estruturar o munic\u00edpio de acordo com o crescimento natural da cidade. E para que haja coer\u00eancia nas transforma\u00e7\u00f5es, al\u00e9m de estudos t\u00e9cnicos, Executivo e Legislativo realizam Audi\u00eancias P\u00fablicas para atender demandas da sociedade.<\/p>\n<p>A Lei de Zoneamento em vigor na capital paulista \u00e9 de 2016, ou seja, passar\u00e1 por uma nova an\u00e1lise ap\u00f3s sete anos da sua san\u00e7\u00e3o. Na pr\u00e1tica, a proposta receber\u00e1 indica\u00e7\u00f5es para aprimoramento de \u00e1reas verdes, do sistema vi\u00e1rio, da recupera\u00e7\u00e3o de mananciais, de adequa\u00e7\u00f5es para os diferentes tipos de transporte &#8211; a motor ou n\u00e3o &#8211; e da instala\u00e7\u00e3o de equipamentos p\u00fablicos, tais como sa\u00fade e educa\u00e7\u00e3o.<\/p>\n<p>Outro tema previsto na lei, e que tem sido objeto de amplo debate na C\u00e2mara, trata da constru\u00e7\u00e3o de moradias populares. Um dos objetivos \u00e9 produzir HIS (Habita\u00e7\u00e3o de Interesse Social) integrada aos bairros da capital, aproximando os mun\u00edcipes dos empregos, do transporte p\u00fablico e dos servi\u00e7os municipais.<\/p>\n<p>As regras para o uso do solo definem ainda caracter\u00edsticas sobre regi\u00f5es industriais e residenciais. O zoneamento para as atividades econ\u00f4micas \u00e9 geograficamente tra\u00e7ado, estabelecendo, portanto, par\u00e2metros de incomodidade e de constru\u00e7\u00e3o. Tamb\u00e9m h\u00e1 normas para as zonas habitacionais, onde devem ser respeitados os limites de altura das edifica\u00e7\u00f5es, recuos e taxa de ocupa\u00e7\u00e3o.<\/p>\n<p>Al\u00e9m das pol\u00edticas p\u00fablicas voltadas para as atividades econ\u00f4micas e residenciais, a lei classifica os territ\u00f3rios por zonas. Entre elas est\u00e3o, por exemplo, \u00e1reas espec\u00edficas para o desenvolvimento sustent\u00e1vel de espa\u00e7os urbanos e rurais, industriais, prote\u00e7\u00e3o ambiental, preserva\u00e7\u00e3o cultural e de interesse social.<\/p>\n<p>O texto da Lei de Zoneamento tamb\u00e9m divide as zonas industriais por ramo de atividade, ou seja, todo segmento tem uma regi\u00e3o espec\u00edfica para ser instalada. As normas previstas levam em considera\u00e7\u00e3o o porte das empresas, os impactos causados por elas, bem como o tipo de servi\u00e7o prestado e o produto fabricado.<\/p>\n<p>H\u00e1 ainda subcategorias para outras atividades, que envolvem a mobilidade urbana terrestre &#8211; tais como os modais coletivos &#8211; e o transporte a\u00e9reo, como aeroportos, aer\u00f3dromos e helipontos. Tamb\u00e9m s\u00e3o determinadas normas para os grupos que trabalham com gera\u00e7\u00e3o, transmiss\u00e3o e distribui\u00e7\u00e3o de energia el\u00e9trica, abastecimento de g\u00e1s natural, rede de telecomunica\u00e7\u00f5es, gest\u00e3o de res\u00edduos s\u00f3lidos e saneamento ambiental.<\/p>\n<p>Al\u00e9m de impor todas as regras para o uso dos espa\u00e7os urbanos, rurais e industriais, a lei define os crit\u00e9rios para o Executivo emitir as licen\u00e7as pertinentes \u00e0s atividades, estabelecer medidas de fiscaliza\u00e7\u00e3o e planejar os procedimentos administrativos.<\/p>\n<p>Enquanto a proposta de revis\u00e3o do PDE foi protocolada no Parlamento paulistano no <a href=\"https:\/\/splegisconsulta.saopaulo.sp.leg.br\/Pesquisa\/DetailsDetalhado?COD_MTRA_LEGL=1&amp;COD_PCSS_CMSP=127&amp;ANO_PCSS_CMSP=2023\" target=\"_blank\" rel=\"noopener\">PL (Projeto de Lei) 127\/2023<\/a>, a da Lei de Zoneamento est\u00e1 no <a href=\"https:\/\/splegisconsulta.saopaulo.sp.leg.br\/Pesquisa\/DetailsDetalhado?COD_MTRA_LEGL=1&amp;COD_PCSS_CMSP=586&amp;ANO_PCSS_CMSP=2023\" target=\"_blank\" rel=\"noopener\">PL 586\/2023<\/a>. A C\u00e2mara Municipal de S\u00e3o Paulo disponibiliza um hotsite para cada um dos temas. Tanto o do <a href=\"https:\/\/homolog.saopaulo.sp.leg.br\/revisaopde\/\" target=\"_blank\" rel=\"noopener\">Plano Diretor<\/a> quanto o da Lei Parcelamento, Uso e Ocupa\u00e7\u00e3o do Solo oferecem informa\u00e7\u00f5es sobre a tramita\u00e7\u00e3o das mat\u00e9rias e o cronograma das Audi\u00eancias P\u00fablicas.<\/p>\n","protected":false},"excerpt":{"rendered":"<p>Lei de Zoneamento Todas as pol\u00edticas urbanas e sociais que direcionam o crescimento da cidade de S\u00e3o Paulo formam um conjunto de normas. Essas regras est\u00e3o garantidas na Lei n\u00b0 16.402, de 22 de mar\u00e7o de 2016 &#8211; conhecida como a Lei de Zoneamento. Ela segue os crit\u00e9rios previstos no PDE (Plano Diretor Estrat\u00e9gico), definindo&#8230;  <a class=\"excerpt-read-more\" href=\"https:\/\/homolog.saopaulo.sp.leg.br\/zoneamento2023\/o-que-e-o-zoneamento\/\" title=\"Read O que \u00e9 o Zoneamento\">Ler mais &raquo;<\/a><\/p>\n","protected":false},"author":733,"featured_media":0,"parent":0,"menu_order":0,"comment_status":"closed","ping_status":"closed","template":"","meta":{"_acf_changed":false,"footnotes":""},"class_list":["post-18","page","type-page","status-publish","hentry"],"acf":[],"_links":{"self":[{"href":"https:\/\/homolog.saopaulo.sp.leg.br\/zoneamento2023\/wp-json\/wp\/v2\/pages\/18","targetHints":{"allow":["GET"]}}],"collection":[{"href":"https:\/\/homolog.saopaulo.sp.leg.br\/zoneamento2023\/wp-json\/wp\/v2\/pages"}],"about":[{"href":"https:\/\/homolog.saopaulo.sp.leg.br\/zoneamento2023\/wp-json\/wp\/v2\/types\/page"}],"author":[{"embeddable":true,"href":"https:\/\/homolog.saopaulo.sp.leg.br\/zoneamento2023\/wp-json\/wp\/v2\/users\/733"}],"replies":[{"embeddable":true,"href":"https:\/\/homolog.saopaulo.sp.leg.br\/zoneamento2023\/wp-json\/wp\/v2\/comments?post=18"}],"version-history":[{"count":6,"href":"https:\/\/homolog.saopaulo.sp.leg.br\/zoneamento2023\/wp-json\/wp\/v2\/pages\/18\/revisions"}],"predecessor-version":[{"id":367,"href":"https:\/\/homolog.saopaulo.sp.leg.br\/zoneamento2023\/wp-json\/wp\/v2\/pages\/18\/revisions\/367"}],"wp:attachment":[{"href":"https:\/\/homolog.saopaulo.sp.leg.br\/zoneamento2023\/wp-json\/wp\/v2\/media?parent=18"}],"curies":[{"name":"wp","href":"https:\/\/api.w.org\/{rel}","templated":true}]}}