
{"id":21,"date":"2023-04-19T18:19:14","date_gmt":"2023-04-19T21:19:14","guid":{"rendered":"https:\/\/homolog.saopaulo.sp.leg.br\/zoneamento2023\/?page_id=21"},"modified":"2023-10-25T14:28:31","modified_gmt":"2023-10-25T17:28:31","slug":"proposta-de-revisao","status":"publish","type":"page","link":"https:\/\/homolog.saopaulo.sp.leg.br\/zoneamento2023\/proposta-de-revisao\/","title":{"rendered":"Proposta de Revis\u00e3o"},"content":{"rendered":"<h2>O Projeto<\/h2>\n<p>O projeto de revis\u00e3o parcial da Lei n\u00ba 16.402\/2016, que disciplina o parcelamento, o uso e a ocupa\u00e7\u00e3o do solo no munic\u00edpio de S\u00e3o Paulo, tamb\u00e9m conhecida como Lei de Zoneamento, j\u00e1 est\u00e1 pronto para ser analisado e debatido pelos vereadores com toda a sociedade.<\/p>\n<p><iframe title=\"O que \u00e9 a Lei de Zoneamento? | Quero Saber\" width=\"680\" height=\"383\" src=\"https:\/\/www.youtube.com\/embed\/5CluoMix0Oc?feature=oembed\" frameborder=\"0\" allow=\"accelerometer; autoplay; clipboard-write; encrypted-media; gyroscope; picture-in-picture; web-share\" allowfullscreen><\/iframe><\/p>\n<p>A C\u00e2mara de S\u00e3o Paulo recebeu no dia 4 de outubro a proposta, que foi protocolada como PL (Projeto de Lei) 586\/2023. <\/p>\n<p><a class=\"sublink\" href=\"https:\/\/splegisconsulta.saopaulo.sp.leg.br\/Pesquisa\/DetailsDetalhado?COD_MTRA_LEGL=1&amp;COD_PCSS_CMSP=586&amp;ANO_PCSS_CMSP=2023\" target=\"_blank\" rel=\"noopener noreferrer\">Confira o Projeto de Lei 586\/2023 na \u00edntegra.<\/a><\/p>\n<p><iframe title=\"Entenda a Lei de Zoneamento | Quero Saber\" width=\"680\" height=\"383\" src=\"https:\/\/www.youtube.com\/embed\/rUARxrz0x30?feature=oembed\" frameborder=\"0\" allow=\"accelerometer; autoplay; clipboard-write; encrypted-media; gyroscope; picture-in-picture; web-share\" allowfullscreen><\/iframe><\/p>\n","protected":false},"excerpt":{"rendered":"<p>O Projeto O projeto de revis\u00e3o parcial da Lei n\u00ba 16.402\/2016, que disciplina o parcelamento, o uso e a ocupa\u00e7\u00e3o do solo no munic\u00edpio de S\u00e3o Paulo, tamb\u00e9m conhecida como Lei de Zoneamento, j\u00e1 est\u00e1 pronto para ser analisado e debatido pelos vereadores com toda a sociedade. A C\u00e2mara de S\u00e3o Paulo recebeu no dia&#8230;  <a class=\"excerpt-read-more\" href=\"https:\/\/homolog.saopaulo.sp.leg.br\/zoneamento2023\/proposta-de-revisao\/\" title=\"Read Proposta de Revis\u00e3o\">Ler mais &raquo;<\/a><\/p>\n","protected":false},"author":733,"featured_media":0,"parent":0,"menu_order":0,"comment_status":"closed","ping_status":"closed","template":"","meta":{"_acf_changed":false,"footnotes":""},"class_list":["post-21","page","type-page","status-publish","hentry"],"acf":[],"_links":{"self":[{"href":"https:\/\/homolog.saopaulo.sp.leg.br\/zoneamento2023\/wp-json\/wp\/v2\/pages\/21","targetHints":{"allow":["GET"]}}],"collection":[{"href":"https:\/\/homolog.saopaulo.sp.leg.br\/zoneamento2023\/wp-json\/wp\/v2\/pages"}],"about":[{"href":"https:\/\/homolog.saopaulo.sp.leg.br\/zoneamento2023\/wp-json\/wp\/v2\/types\/page"}],"author":[{"embeddable":true,"href":"https:\/\/homolog.saopaulo.sp.leg.br\/zoneamento2023\/wp-json\/wp\/v2\/users\/733"}],"replies":[{"embeddable":true,"href":"https:\/\/homolog.saopaulo.sp.leg.br\/zoneamento2023\/wp-json\/wp\/v2\/comments?post=21"}],"version-history":[{"count":5,"href":"https:\/\/homolog.saopaulo.sp.leg.br\/zoneamento2023\/wp-json\/wp\/v2\/pages\/21\/revisions"}],"predecessor-version":[{"id":292,"href":"https:\/\/homolog.saopaulo.sp.leg.br\/zoneamento2023\/wp-json\/wp\/v2\/pages\/21\/revisions\/292"}],"wp:attachment":[{"href":"https:\/\/homolog.saopaulo.sp.leg.br\/zoneamento2023\/wp-json\/wp\/v2\/media?parent=21"}],"curies":[{"name":"wp","href":"https:\/\/api.w.org\/{rel}","templated":true}]}}